{"id":1228,"date":"2012-02-06T18:19:50","date_gmt":"2012-02-06T17:19:50","guid":{"rendered":"http:\/\/ailettes-et-carbus.fr\/?product=silencieux-13151600-haute-qualite"},"modified":"2026-01-29T14:48:44","modified_gmt":"2026-01-29T13:48:44","slug":"silencieux-vw-cox-1300-1600","status":"publish","type":"product","link":"https:\/\/les-routes-buissonnieres.fr\/boutik\/produit\/silencieux-vw-cox-1300-1600\/","title":{"rendered":"SILENCIEUX COCCINELLE 1300 1600 Q+"},"content":{"rendered":"<p>Silencieux coccinelle 1300 1600 Q+.<\/p>\n<p>Nous avons s\u00e9lectionn\u00e9 ce silencieux d\u2019\u00e9chappement pour\u00a0<a href=\"https:\/\/www.volkswagen.fr\/fr\/magazine\/gammes\/histoire-coccinelle-legende.html\">VW coccinelle<\/a> pour son bon rapport qualit\u00e9-prix.<\/p>\n<p>Les pi\u00e8ces d\u2019origine sont indisponibles depuis de nombreuses ann\u00e9es. Il est parfois difficile de s\u2019y retrouver parmi les nombreuses re-fabrications qu\u2019on trouve un peu partout.<\/p>\n<p>C\u2019est pourquoi, apr\u00e8s de nombreux tests, nous avons choisi de vous proposer ce silencieux .<\/p>\n<p>C\u2019est \u00e0 notre avis la meilleure reproduction du mod\u00e8le d\u2019\u00e9poque. \u00c9videmment il n\u2019est pas \u00ab\u00a0parfait\u00a0\u00bb, mais il est bien construit et demande beaucoup moins d\u2019ajustages que certains mod\u00e8les vraiment bas de gamme.<\/p>\n<p>C\u2019est ce m\u00eame mod\u00e8le que nous montons \u00e0 l\u2019atelier sur les v\u00e9hicules de nos clients et sur nos v\u00e9hicules personnels.<\/p>\n<p>Ce Silencieux coccinelle 1300 1600 est \u00e0 simple r\u00e9chauffage.<\/p>\n<p>Finition int\u00e9rieure de tr\u00e8s bonne facture, mise en place facilit\u00e9e.<\/p>\n<p>Convient aux VW Coccinelles \u00e0 moteurs 13\/15\/1600 \u00e0 partir de 08\/1965.<\/p>\n<p>Nous vous conseillons de remplacer <a href=\"https:\/\/les-routes-buissonnieres.fr\/boutik\/produit\/joints-echappement-cox-combi\/\"><strong>vos joint d&rsquo;\u00e9chappement<\/strong> <\/a>au moment du changement de silencieux.<\/p>\n<p>V\u00e9rifiez bien le mod\u00e8le de votre \u00e9chappement actuel avant de passer commande.<\/p>\n","protected":false},"excerpt":{"rendered":"<p>Silencieux coccinelle 1300 1600 Q+. Pour coccinelle simple r\u00e9chauffage \u00e0 partir de 08\/65.<\/p>\n","protected":false},"featured_media":65041,"template":"","meta":[],"product_brand":[],"product_cat":[94,25],"product_tag":[219,218,856,925,916,1057,223],"class_list":{"0":"post-1228","1":"product","2":"type-product","3":"status-publish","4":"has-post-thumbnail","6":"product_cat-cv85-echappement","7":"product_cat-pieces-vw-coccinelle-type-1","8":"product_tag-coccinelle","9":"product_tag-cox","10":"product_tag-echappement","11":"product_tag-haute-qualite","12":"product_tag-origine","13":"product_tag-silencieux-dechappement","14":"product_tag-vw","16":"first","17":"instock","18":"featured","19":"taxable","20":"shipping-taxable","21":"purchasable","22":"product-type-simple"},"yoast_head":"<!-- This site is optimized with the Yoast SEO plugin v27.4 - https:\/\/yoast.com\/product\/yoast-seo-wordpress\/ -->\n<title>SILENCIEUX COCCINELLE 1300 1600 Q+ - La boutique LRB<\/title>\n<meta name=\"description\" content=\"Silencieux coccinelle 1300 1600 Q+. La meilleure qualit\u00e9 disponible. Fid\u00e8le \u00e0 l&#039;origine. Pour VW cox 1300-1500-1600 \u00e0 simple r\u00e9chauffage depuis 08\/65\" \/>\n<meta name=\"robots\" content=\"index, follow, max-snippet:-1, max-image-preview:large, max-video-preview:-1\" \/>\n<link rel=\"canonical\" href=\"https:\/\/les-routes-buissonnieres.fr\/boutik\/produit\/silencieux-vw-cox-1300-1600\/\" \/>\n<meta property=\"og:locale\" content=\"fr_FR\" \/>\n<meta property=\"og:type\" content=\"article\" \/>\n<meta property=\"og:title\" content=\"SILENCIEUX COCCINELLE 1300 1600 Q+ - La boutique LRB\" \/>\n<meta property=\"og:description\" content=\"Silencieux coccinelle 1300 1600 Q+. La meilleure qualit\u00e9 disponible. Fid\u00e8le \u00e0 l&#039;origine. Pour VW cox 1300-1500-1600 \u00e0 simple r\u00e9chauffage depuis 08\/65\" \/>\n<meta property=\"og:url\" content=\"https:\/\/les-routes-buissonnieres.fr\/boutik\/produit\/silencieux-vw-cox-1300-1600\/\" \/>\n<meta property=\"og:site_name\" content=\"La boutique LRB\" \/>\n<meta property=\"article:modified_time\" content=\"2026-01-29T13:48:44+00:00\" \/>\n<meta property=\"og:image\" content=\"https:\/\/les-routes-buissonnieres.fr\/boutik\/wp-content\/uploads\/2012\/02\/NVWG008.jpg\" \/>\n\t<meta property=\"og:image:width\" content=\"800\" \/>\n\t<meta property=\"og:image:height\" content=\"800\" \/>\n\t<meta property=\"og:image:type\" content=\"image\/jpeg\" \/>\n<meta name=\"twitter:card\" content=\"summary_large_image\" \/>\n<meta name=\"twitter:label1\" content=\"Dur\u00e9e de lecture estim\u00e9e\" \/>\n\t<meta name=\"twitter:data1\" content=\"2 minutes\" \/>\n<script type=\"application\/ld+json\" class=\"yoast-schema-graph\">{\"@context\":\"https:\\\/\\\/schema.org\",\"@graph\":[{\"@type\":\"WebPage\",\"@id\":\"https:\\\/\\\/les-routes-buissonnieres.fr\\\/boutik\\\/produit\\\/silencieux-vw-cox-1300-1600\\\/\",\"url\":\"https:\\\/\\\/les-routes-buissonnieres.fr\\\/boutik\\\/produit\\\/silencieux-vw-cox-1300-1600\\\/\",\"name\":\"SILENCIEUX COCCINELLE 1300 1600 Q+ - La boutique LRB\",\"isPartOf\":{\"@id\":\"https:\\\/\\\/les-routes-buissonnieres.fr\\\/boutik\\\/#website\"},\"primaryImageOfPage\":{\"@id\":\"https:\\\/\\\/les-routes-buissonnieres.fr\\\/boutik\\\/produit\\\/silencieux-vw-cox-1300-1600\\\/#primaryimage\"},\"image\":{\"@id\":\"https:\\\/\\\/les-routes-buissonnieres.fr\\\/boutik\\\/produit\\\/silencieux-vw-cox-1300-1600\\\/#primaryimage\"},\"thumbnailUrl\":\"https:\\\/\\\/les-routes-buissonnieres.fr\\\/boutik\\\/wp-content\\\/uploads\\\/2012\\\/02\\\/NVWG008.jpg\",\"datePublished\":\"2012-02-06T17:19:50+00:00\",\"dateModified\":\"2026-01-29T13:48:44+00:00\",\"description\":\"Silencieux coccinelle 1300 1600 Q+. La meilleure qualit\u00e9 disponible. Fid\u00e8le \u00e0 l'origine. Pour VW cox 1300-1500-1600 \u00e0 simple r\u00e9chauffage depuis 08\\\/65\",\"breadcrumb\":{\"@id\":\"https:\\\/\\\/les-routes-buissonnieres.fr\\\/boutik\\\/produit\\\/silencieux-vw-cox-1300-1600\\\/#breadcrumb\"},\"inLanguage\":\"fr-FR\",\"potentialAction\":[{\"@type\":\"ReadAction\",\"target\":[\"https:\\\/\\\/les-routes-buissonnieres.fr\\\/boutik\\\/produit\\\/silencieux-vw-cox-1300-1600\\\/\"]}]},{\"@type\":\"ImageObject\",\"inLanguage\":\"fr-FR\",\"@id\":\"https:\\\/\\\/les-routes-buissonnieres.fr\\\/boutik\\\/produit\\\/silencieux-vw-cox-1300-1600\\\/#primaryimage\",\"url\":\"https:\\\/\\\/les-routes-buissonnieres.fr\\\/boutik\\\/wp-content\\\/uploads\\\/2012\\\/02\\\/NVWG008.jpg\",\"contentUrl\":\"https:\\\/\\\/les-routes-buissonnieres.fr\\\/boutik\\\/wp-content\\\/uploads\\\/2012\\\/02\\\/NVWG008.jpg\",\"width\":800,\"height\":800,\"caption\":\"Silencieux coccinelle 1300 1600\"},{\"@type\":\"BreadcrumbList\",\"@id\":\"https:\\\/\\\/les-routes-buissonnieres.fr\\\/boutik\\\/produit\\\/silencieux-vw-cox-1300-1600\\\/#breadcrumb\",\"itemListElement\":[{\"@type\":\"ListItem\",\"position\":1,\"name\":\"Accueil\",\"item\":\"https:\\\/\\\/les-routes-buissonnieres.fr\\\/boutik\\\/\"},{\"@type\":\"ListItem\",\"position\":2,\"name\":\"Boutique\",\"item\":\"https:\\\/\\\/les-routes-buissonnieres.fr\\\/boutik\\\/\"},{\"@type\":\"ListItem\",\"position\":3,\"name\":\"SILENCIEUX COCCINELLE 1300 1600 Q+\"}]},{\"@type\":\"WebSite\",\"@id\":\"https:\\\/\\\/les-routes-buissonnieres.fr\\\/boutik\\\/#website\",\"url\":\"https:\\\/\\\/les-routes-buissonnieres.fr\\\/boutik\\\/\",\"name\":\"La boutique LRB\",\"description\":\"Pi\u00e8ces d\u00e9tach\u00e9es Citro\u00ebn - VW refroidies par air\",\"publisher\":{\"@id\":\"https:\\\/\\\/les-routes-buissonnieres.fr\\\/boutik\\\/#organization\"},\"potentialAction\":[{\"@type\":\"SearchAction\",\"target\":{\"@type\":\"EntryPoint\",\"urlTemplate\":\"https:\\\/\\\/les-routes-buissonnieres.fr\\\/boutik\\\/?s={search_term_string}\"},\"query-input\":{\"@type\":\"PropertyValueSpecification\",\"valueRequired\":true,\"valueName\":\"search_term_string\"}}],\"inLanguage\":\"fr-FR\"},{\"@type\":\"Organization\",\"@id\":\"https:\\\/\\\/les-routes-buissonnieres.fr\\\/boutik\\\/#organization\",\"name\":\"La boutique LRB\",\"url\":\"https:\\\/\\\/les-routes-buissonnieres.fr\\\/boutik\\\/\",\"logo\":{\"@type\":\"ImageObject\",\"inLanguage\":\"fr-FR\",\"@id\":\"https:\\\/\\\/les-routes-buissonnieres.fr\\\/boutik\\\/#\\\/schema\\\/logo\\\/image\\\/\",\"url\":\"https:\\\/\\\/les-routes-buissonnieres.fr\\\/boutik\\\/wp-content\\\/uploads\\\/2023\\\/11\\\/cropped-logo-a-et-c-2023-orange.png\",\"contentUrl\":\"https:\\\/\\\/les-routes-buissonnieres.fr\\\/boutik\\\/wp-content\\\/uploads\\\/2023\\\/11\\\/cropped-logo-a-et-c-2023-orange.png\",\"width\":300,\"height\":176,\"caption\":\"La boutique LRB\"},\"image\":{\"@id\":\"https:\\\/\\\/les-routes-buissonnieres.fr\\\/boutik\\\/#\\\/schema\\\/logo\\\/image\\\/\"}}]}<\/script>\n<!-- \/ Yoast SEO plugin. -->","yoast_head_json":{"title":"SILENCIEUX COCCINELLE 1300 1600 Q+ - La boutique LRB","description":"Silencieux coccinelle 1300 1600 Q+. La meilleure qualit\u00e9 disponible. Fid\u00e8le \u00e0 l'origine. Pour VW cox 1300-1500-1600 \u00e0 simple r\u00e9chauffage depuis 08\/65","robots":{"index":"index","follow":"follow","max-snippet":"max-snippet:-1","max-image-preview":"max-image-preview:large","max-video-preview":"max-video-preview:-1"},"canonical":"https:\/\/les-routes-buissonnieres.fr\/boutik\/produit\/silencieux-vw-cox-1300-1600\/","og_locale":"fr_FR","og_type":"article","og_title":"SILENCIEUX COCCINELLE 1300 1600 Q+ - La boutique LRB","og_description":"Silencieux coccinelle 1300 1600 Q+. La meilleure qualit\u00e9 disponible. Fid\u00e8le \u00e0 l'origine. Pour VW cox 1300-1500-1600 \u00e0 simple r\u00e9chauffage depuis 08\/65","og_url":"https:\/\/les-routes-buissonnieres.fr\/boutik\/produit\/silencieux-vw-cox-1300-1600\/","og_site_name":"La boutique LRB","article_modified_time":"2026-01-29T13:48:44+00:00","og_image":[{"width":800,"height":800,"url":"https:\/\/les-routes-buissonnieres.fr\/boutik\/wp-content\/uploads\/2012\/02\/NVWG008.jpg","type":"image\/jpeg"}],"twitter_card":"summary_large_image","twitter_misc":{"Dur\u00e9e de lecture estim\u00e9e":"2 minutes"},"schema":{"@context":"https:\/\/schema.org","@graph":[{"@type":"WebPage","@id":"https:\/\/les-routes-buissonnieres.fr\/boutik\/produit\/silencieux-vw-cox-1300-1600\/","url":"https:\/\/les-routes-buissonnieres.fr\/boutik\/produit\/silencieux-vw-cox-1300-1600\/","name":"SILENCIEUX COCCINELLE 1300 1600 Q+ - La boutique LRB","isPartOf":{"@id":"https:\/\/les-routes-buissonnieres.fr\/boutik\/#website"},"primaryImageOfPage":{"@id":"https:\/\/les-routes-buissonnieres.fr\/boutik\/produit\/silencieux-vw-cox-1300-1600\/#primaryimage"},"image":{"@id":"https:\/\/les-routes-buissonnieres.fr\/boutik\/produit\/silencieux-vw-cox-1300-1600\/#primaryimage"},"thumbnailUrl":"https:\/\/les-routes-buissonnieres.fr\/boutik\/wp-content\/uploads\/2012\/02\/NVWG008.jpg","datePublished":"2012-02-06T17:19:50+00:00","dateModified":"2026-01-29T13:48:44+00:00","description":"Silencieux coccinelle 1300 1600 Q+. La meilleure qualit\u00e9 disponible. Fid\u00e8le \u00e0 l'origine. Pour VW cox 1300-1500-1600 \u00e0 simple r\u00e9chauffage depuis 08\/65","breadcrumb":{"@id":"https:\/\/les-routes-buissonnieres.fr\/boutik\/produit\/silencieux-vw-cox-1300-1600\/#breadcrumb"},"inLanguage":"fr-FR","potentialAction":[{"@type":"ReadAction","target":["https:\/\/les-routes-buissonnieres.fr\/boutik\/produit\/silencieux-vw-cox-1300-1600\/"]}]},{"@type":"ImageObject","inLanguage":"fr-FR","@id":"https:\/\/les-routes-buissonnieres.fr\/boutik\/produit\/silencieux-vw-cox-1300-1600\/#primaryimage","url":"https:\/\/les-routes-buissonnieres.fr\/boutik\/wp-content\/uploads\/2012\/02\/NVWG008.jpg","contentUrl":"https:\/\/les-routes-buissonnieres.fr\/boutik\/wp-content\/uploads\/2012\/02\/NVWG008.jpg","width":800,"height":800,"caption":"Silencieux coccinelle 1300 1600"},{"@type":"BreadcrumbList","@id":"https:\/\/les-routes-buissonnieres.fr\/boutik\/produit\/silencieux-vw-cox-1300-1600\/#breadcrumb","itemListElement":[{"@type":"ListItem","position":1,"name":"Accueil","item":"https:\/\/les-routes-buissonnieres.fr\/boutik\/"},{"@type":"ListItem","position":2,"name":"Boutique","item":"https:\/\/les-routes-buissonnieres.fr\/boutik\/"},{"@type":"ListItem","position":3,"name":"SILENCIEUX COCCINELLE 1300 1600 Q+"}]},{"@type":"WebSite","@id":"https:\/\/les-routes-buissonnieres.fr\/boutik\/#website","url":"https:\/\/les-routes-buissonnieres.fr\/boutik\/","name":"La boutique LRB","description":"Pi\u00e8ces d\u00e9tach\u00e9es Citro\u00ebn - VW refroidies par air","publisher":{"@id":"https:\/\/les-routes-buissonnieres.fr\/boutik\/#organization"},"potentialAction":[{"@type":"SearchAction","target":{"@type":"EntryPoint","urlTemplate":"https:\/\/les-routes-buissonnieres.fr\/boutik\/?s={search_term_string}"},"query-input":{"@type":"PropertyValueSpecification","valueRequired":true,"valueName":"search_term_string"}}],"inLanguage":"fr-FR"},{"@type":"Organization","@id":"https:\/\/les-routes-buissonnieres.fr\/boutik\/#organization","name":"La boutique LRB","url":"https:\/\/les-routes-buissonnieres.fr\/boutik\/","logo":{"@type":"ImageObject","inLanguage":"fr-FR","@id":"https:\/\/les-routes-buissonnieres.fr\/boutik\/#\/schema\/logo\/image\/","url":"https:\/\/les-routes-buissonnieres.fr\/boutik\/wp-content\/uploads\/2023\/11\/cropped-logo-a-et-c-2023-orange.png","contentUrl":"https:\/\/les-routes-buissonnieres.fr\/boutik\/wp-content\/uploads\/2023\/11\/cropped-logo-a-et-c-2023-orange.png","width":300,"height":176,"caption":"La boutique LRB"},"image":{"@id":"https:\/\/les-routes-buissonnieres.fr\/boutik\/#\/schema\/logo\/image\/"}}]}},"_links":{"self":[{"href":"https:\/\/les-routes-buissonnieres.fr\/boutik\/wp-json\/wp\/v2\/product\/1228","targetHints":{"allow":["GET"]}}],"collection":[{"href":"https:\/\/les-routes-buissonnieres.fr\/boutik\/wp-json\/wp\/v2\/product"}],"about":[{"href":"https:\/\/les-routes-buissonnieres.fr\/boutik\/wp-json\/wp\/v2\/types\/product"}],"wp:featuredmedia":[{"embeddable":true,"href":"https:\/\/les-routes-buissonnieres.fr\/boutik\/wp-json\/wp\/v2\/media\/65041"}],"wp:attachment":[{"href":"https:\/\/les-routes-buissonnieres.fr\/boutik\/wp-json\/wp\/v2\/media?parent=1228"}],"wp:term":[{"taxonomy":"product_brand","embeddable":true,"href":"https:\/\/les-routes-buissonnieres.fr\/boutik\/wp-json\/wp\/v2\/product_brand?post=1228"},{"taxonomy":"product_cat","embeddable":true,"href":"https:\/\/les-routes-buissonnieres.fr\/boutik\/wp-json\/wp\/v2\/product_cat?post=1228"},{"taxonomy":"product_tag","embeddable":true,"href":"https:\/\/les-routes-buissonnieres.fr\/boutik\/wp-json\/wp\/v2\/product_tag?post=1228"}],"curies":[{"name":"wp","href":"https:\/\/api.w.org\/{rel}","templated":true}]}}