{"id":2761,"date":"2014-10-25T09:09:12","date_gmt":"2014-10-25T08:09:12","guid":{"rendered":"http:\/\/ailettes-et-carbus.fr\/?product=moteur-neuf-1600-double-admission-code-ad-ssp-2"},"modified":"2025-11-20T11:19:17","modified_gmt":"2025-11-20T10:19:17","slug":"moteur-cox-combi-1600-neuf-dbe-admission-ssp","status":"publish","type":"product","link":"https:\/\/les-routes-buissonnieres.fr\/boutik\/produit\/moteur-cox-combi-1600-neuf-dbe-admission-ssp\/","title":{"rendered":"MOTEUR COX COMBI 1600 NEUF DBE ADMISSION SSP"},"content":{"rendered":"<p>Moteur cox combi 1600 neuf dbe admission SSP.<\/p>\n<p>Moteur enti\u00e8rement neuf de tr\u00e8s bonne qualit\u00e9. Fabriqu\u00e9 en Angleterre par SSP. Garantie fabricant de 2 ans (1 an pi\u00e8ces et main d\u2019\u0153uvre, 1 an pi\u00e8ces).<br \/>\nNous vendons et montons ces moteurs depuis 15 ans sans rencontrer le moindre probl\u00e8me.<\/p>\n<p>&nbsp;<\/p>\n<p>Fiche technique :<\/p>\n<p>&nbsp;<\/p>\n<p>&#8211; Moteur 1600cc type AD 100% neuf livr\u00e9 avec radiateur d&rsquo;huile.<\/p>\n<p>&#8211; Volant moteur 12 volts 200 mm.<br \/>\n&#8211; Livr\u00e9 sans huile<\/p>\n<p>&#8211; Culbuteurs \u00e0 r\u00e9gler (les vis et \u00e9crous desserr\u00e9s)<\/p>\n<p>&#8211; Carter aluminium neuf<\/p>\n<p>&#8211; Culasses double admission neuves EMPI<\/p>\n<p>-Volant moteur en 200 mm &#8211; 130 dents<\/p>\n<p>&#8211; Kit cylindr\u00e9e neuf<\/p>\n<p>&nbsp;<\/p>\n<p>Livr\u00e9 sans arbre d\u2019entrainement d&rsquo;allumeur, les 2 rondelles \u00e0 r\u00e9cup\u00e9rer sur votre ancien moteur ou \u00e0 commander s\u00e9par\u00e9ment. Livr\u00e9 sans embrayage.<\/p>\n<p>Les composants du moteur peuvent varier l\u00e9g\u00e8rement selon les approvisionnements, mais les pi\u00e8ces sont toujours de qualit\u00e9 \u00e9quivalente OEM<\/p>\n<p>&nbsp;<\/p>\n<p>&nbsp;<\/p>\n","protected":false},"excerpt":{"rendered":"<p>Moteur cox combi 1600 AD dbe admission SSP. 2 ans garantie constructeur.<\/p>\n","protected":false},"featured_media":2759,"template":"","meta":[],"product_brand":[],"product_cat":[68,2139,69,54,25,26,1988,27],"product_tag":[806,582,224,219,220,218,679,809,808,222,807,333,433],"class_list":{"0":"post-2761","1":"product","2":"type-product","3":"status-publish","4":"has-post-thumbnail","6":"product_cat-cv109-moteur-autres-pieces-de-rechange","7":"product_cat-moteur-autres-pieces-de-rechange-clipper","8":"product_cat-cv56-moteur-autres-pieces-de-rechange","9":"product_cat-cv95-moteur-autres-pieces-de-rechange","10":"product_cat-pieces-vw-coccinelle-type-1","11":"product_cat-pieces-vw-combi-bay-window-type-2","12":"product_cat-pieces-vw-combi-bresilien-split-clipper","13":"product_cat-piece-vw-combi-split-type-2","14":"product_tag-806","15":"product_tag-aircooled","16":"product_tag-bay-window","17":"product_tag-coccinelle","18":"product_tag-combi","19":"product_tag-cox","20":"product_tag-moteur","21":"product_tag-moteur-combi","22":"product_tag-moteur-cox","23":"product_tag-split","24":"product_tag-ssp","25":"product_tag-type1","26":"product_tag-type2","28":"first","29":"instock","30":"featured","31":"taxable","32":"shipping-taxable","33":"purchasable","34":"product-type-simple"},"yoast_head":"<!-- This site is optimized with the Yoast SEO plugin v27.4 - https:\/\/yoast.com\/product\/yoast-seo-wordpress\/ -->\n<title>MOTEUR COX COMBI 1600 NEUF DBE ADMISSION SSP - La boutique LRB<\/title>\n<meta name=\"robots\" content=\"index, follow, max-snippet:-1, max-image-preview:large, max-video-preview:-1\" \/>\n<link rel=\"canonical\" href=\"https:\/\/les-routes-buissonnieres.fr\/boutik\/produit\/moteur-cox-combi-1600-neuf-dbe-admission-ssp\/\" \/>\n<meta property=\"og:locale\" content=\"fr_FR\" \/>\n<meta property=\"og:type\" content=\"article\" \/>\n<meta property=\"og:title\" content=\"MOTEUR COX COMBI 1600 NEUF DBE ADMISSION SSP - La boutique LRB\" \/>\n<meta property=\"og:description\" content=\"Moteur cox combi 1600 AD dbe admission SSP. 2 ans garantie constructeur.\" \/>\n<meta property=\"og:url\" content=\"https:\/\/les-routes-buissonnieres.fr\/boutik\/produit\/moteur-cox-combi-1600-neuf-dbe-admission-ssp\/\" \/>\n<meta property=\"og:site_name\" content=\"La boutique LRB\" \/>\n<meta property=\"article:modified_time\" content=\"2025-11-20T10:19:17+00:00\" \/>\n<meta property=\"og:image\" content=\"https:\/\/les-routes-buissonnieres.fr\/boutik\/wp-content\/uploads\/2014\/10\/MOTEUR_NEUF_1600_544b68b896581.jpg\" \/>\n\t<meta property=\"og:image:width\" content=\"800\" \/>\n\t<meta property=\"og:image:height\" content=\"600\" \/>\n\t<meta property=\"og:image:type\" content=\"image\/jpeg\" \/>\n<meta name=\"twitter:card\" content=\"summary_large_image\" \/>\n<meta name=\"twitter:label1\" content=\"Dur\u00e9e de lecture estim\u00e9e\" \/>\n\t<meta name=\"twitter:data1\" content=\"1 minute\" \/>\n<script type=\"application\/ld+json\" class=\"yoast-schema-graph\">{\"@context\":\"https:\\\/\\\/schema.org\",\"@graph\":[{\"@type\":\"WebPage\",\"@id\":\"https:\\\/\\\/les-routes-buissonnieres.fr\\\/boutik\\\/produit\\\/moteur-cox-combi-1600-neuf-dbe-admission-ssp\\\/\",\"url\":\"https:\\\/\\\/les-routes-buissonnieres.fr\\\/boutik\\\/produit\\\/moteur-cox-combi-1600-neuf-dbe-admission-ssp\\\/\",\"name\":\"MOTEUR COX COMBI 1600 NEUF DBE ADMISSION SSP - La boutique LRB\",\"isPartOf\":{\"@id\":\"https:\\\/\\\/les-routes-buissonnieres.fr\\\/boutik\\\/#website\"},\"primaryImageOfPage\":{\"@id\":\"https:\\\/\\\/les-routes-buissonnieres.fr\\\/boutik\\\/produit\\\/moteur-cox-combi-1600-neuf-dbe-admission-ssp\\\/#primaryimage\"},\"image\":{\"@id\":\"https:\\\/\\\/les-routes-buissonnieres.fr\\\/boutik\\\/produit\\\/moteur-cox-combi-1600-neuf-dbe-admission-ssp\\\/#primaryimage\"},\"thumbnailUrl\":\"https:\\\/\\\/les-routes-buissonnieres.fr\\\/boutik\\\/wp-content\\\/uploads\\\/2014\\\/10\\\/MOTEUR_NEUF_1600_544b68b896581.jpg\",\"datePublished\":\"2014-10-25T08:09:12+00:00\",\"dateModified\":\"2025-11-20T10:19:17+00:00\",\"breadcrumb\":{\"@id\":\"https:\\\/\\\/les-routes-buissonnieres.fr\\\/boutik\\\/produit\\\/moteur-cox-combi-1600-neuf-dbe-admission-ssp\\\/#breadcrumb\"},\"inLanguage\":\"fr-FR\",\"potentialAction\":[{\"@type\":\"ReadAction\",\"target\":[\"https:\\\/\\\/les-routes-buissonnieres.fr\\\/boutik\\\/produit\\\/moteur-cox-combi-1600-neuf-dbe-admission-ssp\\\/\"]}]},{\"@type\":\"ImageObject\",\"inLanguage\":\"fr-FR\",\"@id\":\"https:\\\/\\\/les-routes-buissonnieres.fr\\\/boutik\\\/produit\\\/moteur-cox-combi-1600-neuf-dbe-admission-ssp\\\/#primaryimage\",\"url\":\"https:\\\/\\\/les-routes-buissonnieres.fr\\\/boutik\\\/wp-content\\\/uploads\\\/2014\\\/10\\\/MOTEUR_NEUF_1600_544b68b896581.jpg\",\"contentUrl\":\"https:\\\/\\\/les-routes-buissonnieres.fr\\\/boutik\\\/wp-content\\\/uploads\\\/2014\\\/10\\\/MOTEUR_NEUF_1600_544b68b896581.jpg\",\"width\":800,\"height\":600},{\"@type\":\"BreadcrumbList\",\"@id\":\"https:\\\/\\\/les-routes-buissonnieres.fr\\\/boutik\\\/produit\\\/moteur-cox-combi-1600-neuf-dbe-admission-ssp\\\/#breadcrumb\",\"itemListElement\":[{\"@type\":\"ListItem\",\"position\":1,\"name\":\"Accueil\",\"item\":\"https:\\\/\\\/les-routes-buissonnieres.fr\\\/boutik\\\/\"},{\"@type\":\"ListItem\",\"position\":2,\"name\":\"Boutique\",\"item\":\"https:\\\/\\\/les-routes-buissonnieres.fr\\\/boutik\\\/\"},{\"@type\":\"ListItem\",\"position\":3,\"name\":\"MOTEUR COX COMBI 1600 NEUF DBE ADMISSION SSP\"}]},{\"@type\":\"WebSite\",\"@id\":\"https:\\\/\\\/les-routes-buissonnieres.fr\\\/boutik\\\/#website\",\"url\":\"https:\\\/\\\/les-routes-buissonnieres.fr\\\/boutik\\\/\",\"name\":\"La boutique LRB\",\"description\":\"Pi\u00e8ces d\u00e9tach\u00e9es Citro\u00ebn - VW refroidies par air\",\"publisher\":{\"@id\":\"https:\\\/\\\/les-routes-buissonnieres.fr\\\/boutik\\\/#organization\"},\"potentialAction\":[{\"@type\":\"SearchAction\",\"target\":{\"@type\":\"EntryPoint\",\"urlTemplate\":\"https:\\\/\\\/les-routes-buissonnieres.fr\\\/boutik\\\/?s={search_term_string}\"},\"query-input\":{\"@type\":\"PropertyValueSpecification\",\"valueRequired\":true,\"valueName\":\"search_term_string\"}}],\"inLanguage\":\"fr-FR\"},{\"@type\":\"Organization\",\"@id\":\"https:\\\/\\\/les-routes-buissonnieres.fr\\\/boutik\\\/#organization\",\"name\":\"La boutique LRB\",\"url\":\"https:\\\/\\\/les-routes-buissonnieres.fr\\\/boutik\\\/\",\"logo\":{\"@type\":\"ImageObject\",\"inLanguage\":\"fr-FR\",\"@id\":\"https:\\\/\\\/les-routes-buissonnieres.fr\\\/boutik\\\/#\\\/schema\\\/logo\\\/image\\\/\",\"url\":\"https:\\\/\\\/les-routes-buissonnieres.fr\\\/boutik\\\/wp-content\\\/uploads\\\/2023\\\/11\\\/cropped-logo-a-et-c-2023-orange.png\",\"contentUrl\":\"https:\\\/\\\/les-routes-buissonnieres.fr\\\/boutik\\\/wp-content\\\/uploads\\\/2023\\\/11\\\/cropped-logo-a-et-c-2023-orange.png\",\"width\":300,\"height\":176,\"caption\":\"La boutique LRB\"},\"image\":{\"@id\":\"https:\\\/\\\/les-routes-buissonnieres.fr\\\/boutik\\\/#\\\/schema\\\/logo\\\/image\\\/\"}}]}<\/script>\n<!-- \/ Yoast SEO plugin. -->","yoast_head_json":{"title":"MOTEUR COX COMBI 1600 NEUF DBE ADMISSION SSP - La boutique LRB","robots":{"index":"index","follow":"follow","max-snippet":"max-snippet:-1","max-image-preview":"max-image-preview:large","max-video-preview":"max-video-preview:-1"},"canonical":"https:\/\/les-routes-buissonnieres.fr\/boutik\/produit\/moteur-cox-combi-1600-neuf-dbe-admission-ssp\/","og_locale":"fr_FR","og_type":"article","og_title":"MOTEUR COX COMBI 1600 NEUF DBE ADMISSION SSP - La boutique LRB","og_description":"Moteur cox combi 1600 AD dbe admission SSP. 2 ans garantie constructeur.","og_url":"https:\/\/les-routes-buissonnieres.fr\/boutik\/produit\/moteur-cox-combi-1600-neuf-dbe-admission-ssp\/","og_site_name":"La boutique LRB","article_modified_time":"2025-11-20T10:19:17+00:00","og_image":[{"width":800,"height":600,"url":"https:\/\/les-routes-buissonnieres.fr\/boutik\/wp-content\/uploads\/2014\/10\/MOTEUR_NEUF_1600_544b68b896581.jpg","type":"image\/jpeg"}],"twitter_card":"summary_large_image","twitter_misc":{"Dur\u00e9e de lecture estim\u00e9e":"1 minute"},"schema":{"@context":"https:\/\/schema.org","@graph":[{"@type":"WebPage","@id":"https:\/\/les-routes-buissonnieres.fr\/boutik\/produit\/moteur-cox-combi-1600-neuf-dbe-admission-ssp\/","url":"https:\/\/les-routes-buissonnieres.fr\/boutik\/produit\/moteur-cox-combi-1600-neuf-dbe-admission-ssp\/","name":"MOTEUR COX COMBI 1600 NEUF DBE ADMISSION SSP - La boutique LRB","isPartOf":{"@id":"https:\/\/les-routes-buissonnieres.fr\/boutik\/#website"},"primaryImageOfPage":{"@id":"https:\/\/les-routes-buissonnieres.fr\/boutik\/produit\/moteur-cox-combi-1600-neuf-dbe-admission-ssp\/#primaryimage"},"image":{"@id":"https:\/\/les-routes-buissonnieres.fr\/boutik\/produit\/moteur-cox-combi-1600-neuf-dbe-admission-ssp\/#primaryimage"},"thumbnailUrl":"https:\/\/les-routes-buissonnieres.fr\/boutik\/wp-content\/uploads\/2014\/10\/MOTEUR_NEUF_1600_544b68b896581.jpg","datePublished":"2014-10-25T08:09:12+00:00","dateModified":"2025-11-20T10:19:17+00:00","breadcrumb":{"@id":"https:\/\/les-routes-buissonnieres.fr\/boutik\/produit\/moteur-cox-combi-1600-neuf-dbe-admission-ssp\/#breadcrumb"},"inLanguage":"fr-FR","potentialAction":[{"@type":"ReadAction","target":["https:\/\/les-routes-buissonnieres.fr\/boutik\/produit\/moteur-cox-combi-1600-neuf-dbe-admission-ssp\/"]}]},{"@type":"ImageObject","inLanguage":"fr-FR","@id":"https:\/\/les-routes-buissonnieres.fr\/boutik\/produit\/moteur-cox-combi-1600-neuf-dbe-admission-ssp\/#primaryimage","url":"https:\/\/les-routes-buissonnieres.fr\/boutik\/wp-content\/uploads\/2014\/10\/MOTEUR_NEUF_1600_544b68b896581.jpg","contentUrl":"https:\/\/les-routes-buissonnieres.fr\/boutik\/wp-content\/uploads\/2014\/10\/MOTEUR_NEUF_1600_544b68b896581.jpg","width":800,"height":600},{"@type":"BreadcrumbList","@id":"https:\/\/les-routes-buissonnieres.fr\/boutik\/produit\/moteur-cox-combi-1600-neuf-dbe-admission-ssp\/#breadcrumb","itemListElement":[{"@type":"ListItem","position":1,"name":"Accueil","item":"https:\/\/les-routes-buissonnieres.fr\/boutik\/"},{"@type":"ListItem","position":2,"name":"Boutique","item":"https:\/\/les-routes-buissonnieres.fr\/boutik\/"},{"@type":"ListItem","position":3,"name":"MOTEUR COX COMBI 1600 NEUF DBE ADMISSION SSP"}]},{"@type":"WebSite","@id":"https:\/\/les-routes-buissonnieres.fr\/boutik\/#website","url":"https:\/\/les-routes-buissonnieres.fr\/boutik\/","name":"La boutique LRB","description":"Pi\u00e8ces d\u00e9tach\u00e9es Citro\u00ebn - VW refroidies par air","publisher":{"@id":"https:\/\/les-routes-buissonnieres.fr\/boutik\/#organization"},"potentialAction":[{"@type":"SearchAction","target":{"@type":"EntryPoint","urlTemplate":"https:\/\/les-routes-buissonnieres.fr\/boutik\/?s={search_term_string}"},"query-input":{"@type":"PropertyValueSpecification","valueRequired":true,"valueName":"search_term_string"}}],"inLanguage":"fr-FR"},{"@type":"Organization","@id":"https:\/\/les-routes-buissonnieres.fr\/boutik\/#organization","name":"La boutique LRB","url":"https:\/\/les-routes-buissonnieres.fr\/boutik\/","logo":{"@type":"ImageObject","inLanguage":"fr-FR","@id":"https:\/\/les-routes-buissonnieres.fr\/boutik\/#\/schema\/logo\/image\/","url":"https:\/\/les-routes-buissonnieres.fr\/boutik\/wp-content\/uploads\/2023\/11\/cropped-logo-a-et-c-2023-orange.png","contentUrl":"https:\/\/les-routes-buissonnieres.fr\/boutik\/wp-content\/uploads\/2023\/11\/cropped-logo-a-et-c-2023-orange.png","width":300,"height":176,"caption":"La boutique LRB"},"image":{"@id":"https:\/\/les-routes-buissonnieres.fr\/boutik\/#\/schema\/logo\/image\/"}}]}},"_links":{"self":[{"href":"https:\/\/les-routes-buissonnieres.fr\/boutik\/wp-json\/wp\/v2\/product\/2761","targetHints":{"allow":["GET"]}}],"collection":[{"href":"https:\/\/les-routes-buissonnieres.fr\/boutik\/wp-json\/wp\/v2\/product"}],"about":[{"href":"https:\/\/les-routes-buissonnieres.fr\/boutik\/wp-json\/wp\/v2\/types\/product"}],"wp:featuredmedia":[{"embeddable":true,"href":"https:\/\/les-routes-buissonnieres.fr\/boutik\/wp-json\/wp\/v2\/media\/2759"}],"wp:attachment":[{"href":"https:\/\/les-routes-buissonnieres.fr\/boutik\/wp-json\/wp\/v2\/media?parent=2761"}],"wp:term":[{"taxonomy":"product_brand","embeddable":true,"href":"https:\/\/les-routes-buissonnieres.fr\/boutik\/wp-json\/wp\/v2\/product_brand?post=2761"},{"taxonomy":"product_cat","embeddable":true,"href":"https:\/\/les-routes-buissonnieres.fr\/boutik\/wp-json\/wp\/v2\/product_cat?post=2761"},{"taxonomy":"product_tag","embeddable":true,"href":"https:\/\/les-routes-buissonnieres.fr\/boutik\/wp-json\/wp\/v2\/product_tag?post=2761"}],"curies":[{"name":"wp","href":"https:\/\/api.w.org\/{rel}","templated":true}]}}