{"id":41986,"date":"2017-10-27T06:42:16","date_gmt":"2017-10-27T05:42:16","guid":{"rendered":"https:\/\/ailettes-et-carbus.fr\/?post_type=product&#038;p=41986"},"modified":"2024-03-05T16:43:12","modified_gmt":"2024-03-05T15:43:12","slug":"joint-bague-tuyau-depression-combi-t3","status":"publish","type":"product","link":"https:\/\/les-routes-buissonnieres.fr\/boutik\/produit\/joint-bague-tuyau-depression-combi-t3\/","title":{"rendered":"JOINT BAGUE TUYAU D\u00c9PRESSION COMBI T3"},"content":{"rendered":"<p>Joint bague tuyau d\u00e9pression combi T3.<\/p>\n<p>Bonne qualit\u00e9. Ce joint-bague assure l\u2019\u00e9tanch\u00e9it\u00e9 du circuit de d\u00e9pression entre le servo-frein et l&rsquo;admission du moteur.<\/p>\n<p>Il se trouve \u00e0 l&rsquo;int\u00e9rieur de la durite plastique thermoform\u00e9e.<\/p>\n<p>V\u00e9rifiez bien l&rsquo;\u00e9tat de ces joints, ils peuvent \u00eatre la cause de calage du moteur ou de mauvais fonctionnement de l&rsquo;assistance de freinage.<\/p>\n<p>Convient aux :<\/p>\n<ul>\n<li>VW <a href=\"https:\/\/les-routes-buissonnieres.fr\/boutik\/combi-bay-window-78-11-900-e\/\">Combi <\/a>Bay Window avec servofrein<\/li>\n<li>VW <a href=\"http:\/\/t3zone.com\" target=\"_blank\" rel=\"noopener noreferrer\">Transporter <\/a>T25\/T3<\/li>\n<\/ul>\n<p>Vendu \u00e0 l&rsquo;unit\u00e9, bord rond ou en p\u00e9tale suivant arrivage, les deux mod\u00e8les sont interchangeables.<\/p>\n","protected":false},"excerpt":{"rendered":"<p>Joint bague tuyau d\u00e9pression combi T3. Bonne qualit\u00e9.<\/p>\n","protected":false},"featured_media":64896,"template":"","meta":[],"product_brand":[],"product_cat":[72,88,68,48,26,28],"product_tag":[1192,224,220,1187,1158,1137,1221,1222,1181,1054,433,223],"class_list":{"0":"post-41986","1":"product","2":"type-product","3":"status-publish","4":"has-post-thumbnail","6":"product_cat-cv113-freinage","7":"product_cat-cv127-freinage","8":"product_cat-cv109-moteur-autres-pieces-de-rechange","9":"product_cat-cv123-moteur-autres-pieces-de-rechange","10":"product_cat-pieces-vw-combi-bay-window-type-2","11":"product_cat-pieces-vw-transporter-t3-type-25-ct-cu","12":"product_tag-assistance-de-freinage","13":"product_tag-bay-window","14":"product_tag-combi","15":"product_tag-depression","16":"product_tag-frein","17":"product_tag-freinage","18":"product_tag-joint-bague-de-depression","19":"product_tag-reservoir-t3","20":"product_tag-servo-frein","21":"product_tag-t2b","22":"product_tag-type2","23":"product_tag-vw","25":"first","26":"instock","27":"taxable","28":"shipping-taxable","29":"purchasable","30":"product-type-simple"},"yoast_head":"<!-- This site is optimized with the Yoast SEO plugin v27.4 - https:\/\/yoast.com\/product\/yoast-seo-wordpress\/ -->\n<title>JOINT BAGUE TUYAU D\u00c9PRESSION COMBI T3 - La boutique LRB<\/title>\n<meta name=\"description\" content=\"Joint bague tuyau d\u00e9pression combi T3. Bonne qualit\u00e9. Joint que l&#039;on retrouve \u00e0 plusieurs endroit sur le circuit de d\u00e9pression.\" \/>\n<meta name=\"robots\" content=\"index, follow, max-snippet:-1, max-image-preview:large, max-video-preview:-1\" \/>\n<link rel=\"canonical\" href=\"https:\/\/les-routes-buissonnieres.fr\/boutik\/produit\/joint-bague-tuyau-depression-combi-t3\/\" \/>\n<meta property=\"og:locale\" content=\"fr_FR\" \/>\n<meta property=\"og:type\" content=\"article\" \/>\n<meta property=\"og:title\" content=\"JOINT BAGUE TUYAU D\u00c9PRESSION COMBI T3 - La boutique LRB\" \/>\n<meta property=\"og:description\" content=\"Joint bague tuyau d\u00e9pression combi T3. Bonne qualit\u00e9. Joint que l&#039;on retrouve \u00e0 plusieurs endroit sur le circuit de d\u00e9pression.\" \/>\n<meta property=\"og:url\" content=\"https:\/\/les-routes-buissonnieres.fr\/boutik\/produit\/joint-bague-tuyau-depression-combi-t3\/\" \/>\n<meta property=\"og:site_name\" content=\"La boutique LRB\" \/>\n<meta property=\"article:modified_time\" content=\"2024-03-05T15:43:12+00:00\" \/>\n<meta property=\"og:image\" content=\"https:\/\/les-routes-buissonnieres.fr\/boutik\/wp-content\/uploads\/2017\/10\/nvwi143-1.jpg\" \/>\n\t<meta property=\"og:image:width\" content=\"800\" \/>\n\t<meta property=\"og:image:height\" content=\"800\" \/>\n\t<meta property=\"og:image:type\" content=\"image\/jpeg\" \/>\n<meta name=\"twitter:card\" content=\"summary_large_image\" \/>\n<meta name=\"twitter:label1\" content=\"Dur\u00e9e de lecture estim\u00e9e\" \/>\n\t<meta name=\"twitter:data1\" content=\"1 minute\" \/>\n<script type=\"application\/ld+json\" class=\"yoast-schema-graph\">{\"@context\":\"https:\\\/\\\/schema.org\",\"@graph\":[{\"@type\":\"WebPage\",\"@id\":\"https:\\\/\\\/les-routes-buissonnieres.fr\\\/boutik\\\/produit\\\/joint-bague-tuyau-depression-combi-t3\\\/\",\"url\":\"https:\\\/\\\/les-routes-buissonnieres.fr\\\/boutik\\\/produit\\\/joint-bague-tuyau-depression-combi-t3\\\/\",\"name\":\"JOINT BAGUE TUYAU D\u00c9PRESSION COMBI T3 - La boutique LRB\",\"isPartOf\":{\"@id\":\"https:\\\/\\\/les-routes-buissonnieres.fr\\\/boutik\\\/#website\"},\"primaryImageOfPage\":{\"@id\":\"https:\\\/\\\/les-routes-buissonnieres.fr\\\/boutik\\\/produit\\\/joint-bague-tuyau-depression-combi-t3\\\/#primaryimage\"},\"image\":{\"@id\":\"https:\\\/\\\/les-routes-buissonnieres.fr\\\/boutik\\\/produit\\\/joint-bague-tuyau-depression-combi-t3\\\/#primaryimage\"},\"thumbnailUrl\":\"https:\\\/\\\/les-routes-buissonnieres.fr\\\/boutik\\\/wp-content\\\/uploads\\\/2017\\\/10\\\/nvwi143-1.jpg\",\"datePublished\":\"2017-10-27T05:42:16+00:00\",\"dateModified\":\"2024-03-05T15:43:12+00:00\",\"description\":\"Joint bague tuyau d\u00e9pression combi T3. Bonne qualit\u00e9. Joint que l'on retrouve \u00e0 plusieurs endroit sur le circuit de d\u00e9pression.\",\"breadcrumb\":{\"@id\":\"https:\\\/\\\/les-routes-buissonnieres.fr\\\/boutik\\\/produit\\\/joint-bague-tuyau-depression-combi-t3\\\/#breadcrumb\"},\"inLanguage\":\"fr-FR\",\"potentialAction\":[{\"@type\":\"ReadAction\",\"target\":[\"https:\\\/\\\/les-routes-buissonnieres.fr\\\/boutik\\\/produit\\\/joint-bague-tuyau-depression-combi-t3\\\/\"]}]},{\"@type\":\"ImageObject\",\"inLanguage\":\"fr-FR\",\"@id\":\"https:\\\/\\\/les-routes-buissonnieres.fr\\\/boutik\\\/produit\\\/joint-bague-tuyau-depression-combi-t3\\\/#primaryimage\",\"url\":\"https:\\\/\\\/les-routes-buissonnieres.fr\\\/boutik\\\/wp-content\\\/uploads\\\/2017\\\/10\\\/nvwi143-1.jpg\",\"contentUrl\":\"https:\\\/\\\/les-routes-buissonnieres.fr\\\/boutik\\\/wp-content\\\/uploads\\\/2017\\\/10\\\/nvwi143-1.jpg\",\"width\":800,\"height\":800},{\"@type\":\"BreadcrumbList\",\"@id\":\"https:\\\/\\\/les-routes-buissonnieres.fr\\\/boutik\\\/produit\\\/joint-bague-tuyau-depression-combi-t3\\\/#breadcrumb\",\"itemListElement\":[{\"@type\":\"ListItem\",\"position\":1,\"name\":\"Accueil\",\"item\":\"https:\\\/\\\/les-routes-buissonnieres.fr\\\/boutik\\\/\"},{\"@type\":\"ListItem\",\"position\":2,\"name\":\"Boutique\",\"item\":\"https:\\\/\\\/les-routes-buissonnieres.fr\\\/boutik\\\/\"},{\"@type\":\"ListItem\",\"position\":3,\"name\":\"JOINT BAGUE TUYAU D\u00c9PRESSION COMBI T3\"}]},{\"@type\":\"WebSite\",\"@id\":\"https:\\\/\\\/les-routes-buissonnieres.fr\\\/boutik\\\/#website\",\"url\":\"https:\\\/\\\/les-routes-buissonnieres.fr\\\/boutik\\\/\",\"name\":\"La boutique LRB\",\"description\":\"Pi\u00e8ces d\u00e9tach\u00e9es Citro\u00ebn - VW refroidies par air\",\"publisher\":{\"@id\":\"https:\\\/\\\/les-routes-buissonnieres.fr\\\/boutik\\\/#organization\"},\"potentialAction\":[{\"@type\":\"SearchAction\",\"target\":{\"@type\":\"EntryPoint\",\"urlTemplate\":\"https:\\\/\\\/les-routes-buissonnieres.fr\\\/boutik\\\/?s={search_term_string}\"},\"query-input\":{\"@type\":\"PropertyValueSpecification\",\"valueRequired\":true,\"valueName\":\"search_term_string\"}}],\"inLanguage\":\"fr-FR\"},{\"@type\":\"Organization\",\"@id\":\"https:\\\/\\\/les-routes-buissonnieres.fr\\\/boutik\\\/#organization\",\"name\":\"La boutique LRB\",\"url\":\"https:\\\/\\\/les-routes-buissonnieres.fr\\\/boutik\\\/\",\"logo\":{\"@type\":\"ImageObject\",\"inLanguage\":\"fr-FR\",\"@id\":\"https:\\\/\\\/les-routes-buissonnieres.fr\\\/boutik\\\/#\\\/schema\\\/logo\\\/image\\\/\",\"url\":\"https:\\\/\\\/les-routes-buissonnieres.fr\\\/boutik\\\/wp-content\\\/uploads\\\/2023\\\/11\\\/cropped-logo-a-et-c-2023-orange.png\",\"contentUrl\":\"https:\\\/\\\/les-routes-buissonnieres.fr\\\/boutik\\\/wp-content\\\/uploads\\\/2023\\\/11\\\/cropped-logo-a-et-c-2023-orange.png\",\"width\":300,\"height\":176,\"caption\":\"La boutique LRB\"},\"image\":{\"@id\":\"https:\\\/\\\/les-routes-buissonnieres.fr\\\/boutik\\\/#\\\/schema\\\/logo\\\/image\\\/\"}}]}<\/script>\n<!-- \/ Yoast SEO plugin. -->","yoast_head_json":{"title":"JOINT BAGUE TUYAU D\u00c9PRESSION COMBI T3 - La boutique LRB","description":"Joint bague tuyau d\u00e9pression combi T3. Bonne qualit\u00e9. Joint que l'on retrouve \u00e0 plusieurs endroit sur le circuit de d\u00e9pression.","robots":{"index":"index","follow":"follow","max-snippet":"max-snippet:-1","max-image-preview":"max-image-preview:large","max-video-preview":"max-video-preview:-1"},"canonical":"https:\/\/les-routes-buissonnieres.fr\/boutik\/produit\/joint-bague-tuyau-depression-combi-t3\/","og_locale":"fr_FR","og_type":"article","og_title":"JOINT BAGUE TUYAU D\u00c9PRESSION COMBI T3 - La boutique LRB","og_description":"Joint bague tuyau d\u00e9pression combi T3. Bonne qualit\u00e9. Joint que l'on retrouve \u00e0 plusieurs endroit sur le circuit de d\u00e9pression.","og_url":"https:\/\/les-routes-buissonnieres.fr\/boutik\/produit\/joint-bague-tuyau-depression-combi-t3\/","og_site_name":"La boutique LRB","article_modified_time":"2024-03-05T15:43:12+00:00","og_image":[{"width":800,"height":800,"url":"https:\/\/les-routes-buissonnieres.fr\/boutik\/wp-content\/uploads\/2017\/10\/nvwi143-1.jpg","type":"image\/jpeg"}],"twitter_card":"summary_large_image","twitter_misc":{"Dur\u00e9e de lecture estim\u00e9e":"1 minute"},"schema":{"@context":"https:\/\/schema.org","@graph":[{"@type":"WebPage","@id":"https:\/\/les-routes-buissonnieres.fr\/boutik\/produit\/joint-bague-tuyau-depression-combi-t3\/","url":"https:\/\/les-routes-buissonnieres.fr\/boutik\/produit\/joint-bague-tuyau-depression-combi-t3\/","name":"JOINT BAGUE TUYAU D\u00c9PRESSION COMBI T3 - La boutique LRB","isPartOf":{"@id":"https:\/\/les-routes-buissonnieres.fr\/boutik\/#website"},"primaryImageOfPage":{"@id":"https:\/\/les-routes-buissonnieres.fr\/boutik\/produit\/joint-bague-tuyau-depression-combi-t3\/#primaryimage"},"image":{"@id":"https:\/\/les-routes-buissonnieres.fr\/boutik\/produit\/joint-bague-tuyau-depression-combi-t3\/#primaryimage"},"thumbnailUrl":"https:\/\/les-routes-buissonnieres.fr\/boutik\/wp-content\/uploads\/2017\/10\/nvwi143-1.jpg","datePublished":"2017-10-27T05:42:16+00:00","dateModified":"2024-03-05T15:43:12+00:00","description":"Joint bague tuyau d\u00e9pression combi T3. Bonne qualit\u00e9. Joint que l'on retrouve \u00e0 plusieurs endroit sur le circuit de d\u00e9pression.","breadcrumb":{"@id":"https:\/\/les-routes-buissonnieres.fr\/boutik\/produit\/joint-bague-tuyau-depression-combi-t3\/#breadcrumb"},"inLanguage":"fr-FR","potentialAction":[{"@type":"ReadAction","target":["https:\/\/les-routes-buissonnieres.fr\/boutik\/produit\/joint-bague-tuyau-depression-combi-t3\/"]}]},{"@type":"ImageObject","inLanguage":"fr-FR","@id":"https:\/\/les-routes-buissonnieres.fr\/boutik\/produit\/joint-bague-tuyau-depression-combi-t3\/#primaryimage","url":"https:\/\/les-routes-buissonnieres.fr\/boutik\/wp-content\/uploads\/2017\/10\/nvwi143-1.jpg","contentUrl":"https:\/\/les-routes-buissonnieres.fr\/boutik\/wp-content\/uploads\/2017\/10\/nvwi143-1.jpg","width":800,"height":800},{"@type":"BreadcrumbList","@id":"https:\/\/les-routes-buissonnieres.fr\/boutik\/produit\/joint-bague-tuyau-depression-combi-t3\/#breadcrumb","itemListElement":[{"@type":"ListItem","position":1,"name":"Accueil","item":"https:\/\/les-routes-buissonnieres.fr\/boutik\/"},{"@type":"ListItem","position":2,"name":"Boutique","item":"https:\/\/les-routes-buissonnieres.fr\/boutik\/"},{"@type":"ListItem","position":3,"name":"JOINT BAGUE TUYAU D\u00c9PRESSION COMBI T3"}]},{"@type":"WebSite","@id":"https:\/\/les-routes-buissonnieres.fr\/boutik\/#website","url":"https:\/\/les-routes-buissonnieres.fr\/boutik\/","name":"La boutique LRB","description":"Pi\u00e8ces d\u00e9tach\u00e9es Citro\u00ebn - VW refroidies par air","publisher":{"@id":"https:\/\/les-routes-buissonnieres.fr\/boutik\/#organization"},"potentialAction":[{"@type":"SearchAction","target":{"@type":"EntryPoint","urlTemplate":"https:\/\/les-routes-buissonnieres.fr\/boutik\/?s={search_term_string}"},"query-input":{"@type":"PropertyValueSpecification","valueRequired":true,"valueName":"search_term_string"}}],"inLanguage":"fr-FR"},{"@type":"Organization","@id":"https:\/\/les-routes-buissonnieres.fr\/boutik\/#organization","name":"La boutique LRB","url":"https:\/\/les-routes-buissonnieres.fr\/boutik\/","logo":{"@type":"ImageObject","inLanguage":"fr-FR","@id":"https:\/\/les-routes-buissonnieres.fr\/boutik\/#\/schema\/logo\/image\/","url":"https:\/\/les-routes-buissonnieres.fr\/boutik\/wp-content\/uploads\/2023\/11\/cropped-logo-a-et-c-2023-orange.png","contentUrl":"https:\/\/les-routes-buissonnieres.fr\/boutik\/wp-content\/uploads\/2023\/11\/cropped-logo-a-et-c-2023-orange.png","width":300,"height":176,"caption":"La boutique LRB"},"image":{"@id":"https:\/\/les-routes-buissonnieres.fr\/boutik\/#\/schema\/logo\/image\/"}}]}},"_links":{"self":[{"href":"https:\/\/les-routes-buissonnieres.fr\/boutik\/wp-json\/wp\/v2\/product\/41986","targetHints":{"allow":["GET"]}}],"collection":[{"href":"https:\/\/les-routes-buissonnieres.fr\/boutik\/wp-json\/wp\/v2\/product"}],"about":[{"href":"https:\/\/les-routes-buissonnieres.fr\/boutik\/wp-json\/wp\/v2\/types\/product"}],"wp:featuredmedia":[{"embeddable":true,"href":"https:\/\/les-routes-buissonnieres.fr\/boutik\/wp-json\/wp\/v2\/media\/64896"}],"wp:attachment":[{"href":"https:\/\/les-routes-buissonnieres.fr\/boutik\/wp-json\/wp\/v2\/media?parent=41986"}],"wp:term":[{"taxonomy":"product_brand","embeddable":true,"href":"https:\/\/les-routes-buissonnieres.fr\/boutik\/wp-json\/wp\/v2\/product_brand?post=41986"},{"taxonomy":"product_cat","embeddable":true,"href":"https:\/\/les-routes-buissonnieres.fr\/boutik\/wp-json\/wp\/v2\/product_cat?post=41986"},{"taxonomy":"product_tag","embeddable":true,"href":"https:\/\/les-routes-buissonnieres.fr\/boutik\/wp-json\/wp\/v2\/product_tag?post=41986"}],"curies":[{"name":"wp","href":"https:\/\/api.w.org\/{rel}","templated":true}]}}