{"id":5306,"date":"2016-02-11T13:59:02","date_gmt":"2016-02-11T12:59:02","guid":{"rendered":"http:\/\/ailettes-et-carbus.fr\/?post_type=product&#038;p=5306"},"modified":"2026-01-29T16:23:39","modified_gmt":"2026-01-29T15:23:39","slug":"kit-montage-silencieux-1600ct","status":"publish","type":"product","link":"https:\/\/les-routes-buissonnieres.fr\/boutik\/produit\/kit-montage-silencieux-1600ct\/","title":{"rendered":"KIT MONTAGE SILENCIEUX 1600CT DEPUIS 80"},"content":{"rendered":"<p>Kit montage silencieux <a href=\"https:\/\/laboiteaair.fr\/\">1600ct<\/a>.<\/p>\n<p>Ce kit s&rsquo;adapte au silencieux des T3 \u00e0 moteur CT 2\u00e8me montage.<br \/>\nNous l&rsquo;avons s\u00e9lectionn\u00e9 pour sa bonne qualit\u00e9 et son bon rapport qualit\u00e9-prix.<\/p>\n<p>Il comprend les joints et vis de fixation du silencieux et le joint de sortie Tuyau de sortie. A utiliser si votre sortie est en 2 parties.<br \/>\nSi vous utilisez notre silencieux pour <a href=\"https:\/\/les-routes-buissonnieres.fr\/boutik\/produit\/silencieux-vw-t3-1600ct-depuis-80\/\"><strong>1600CT depuis 80<\/strong><\/a>, vous n&rsquo;en n&rsquo;aurez pas besoin.<\/p>\n<p>Ce kit de montage silencieux convient aux VW <a href=\"https:\/\/serial-kombi.com\/fr\/univers-transporter-t3-t25\/\">Transporter T3<\/a> \u00e0 partir de 06\/80.<\/p>\n","protected":false},"excerpt":{"rendered":"<p>Kit montage silencieux 1600ct. Bonne qualit\u00e9. \u00c0 partir de 06\/80.<\/p>\n","protected":false},"featured_media":65431,"template":"","meta":[],"product_brand":[],"product_cat":[77,28],"product_tag":[432,1068,1067,233,232,235,223],"class_list":{"0":"post-5306","1":"product","2":"type-product","3":"status-publish","4":"has-post-thumbnail","6":"product_cat-cv125-echappement","7":"product_cat-pieces-vw-transporter-t3-type-25-ct-cu","8":"product_tag-1600ct","9":"product_tag-kit-de-montage-echappement","10":"product_tag-kit-de-montage-silencieux","11":"product_tag-t25","12":"product_tag-t3","13":"product_tag-transporter","14":"product_tag-vw","16":"first","17":"instock","18":"taxable","19":"shipping-taxable","20":"purchasable","21":"product-type-simple"},"yoast_head":"<!-- This site is optimized with the Yoast SEO plugin v27.4 - https:\/\/yoast.com\/product\/yoast-seo-wordpress\/ -->\n<title>KIT MONTAGE SILENCIEUX 1600CT<\/title>\n<meta name=\"description\" content=\"Kit montage silencieux 1600ct depuis 1980. Bonne qualit\u00e9 de fabrication. Pour le raccord entre silencieux aux raccords d&#039;\u00e9chappement. A partir de 06\/80.\" \/>\n<meta name=\"robots\" content=\"index, follow, max-snippet:-1, max-image-preview:large, max-video-preview:-1\" \/>\n<link rel=\"canonical\" href=\"https:\/\/les-routes-buissonnieres.fr\/boutik\/produit\/kit-montage-silencieux-1600ct\/\" \/>\n<meta property=\"og:locale\" content=\"fr_FR\" \/>\n<meta property=\"og:type\" content=\"article\" \/>\n<meta property=\"og:title\" content=\"KIT MONTAGE SILENCIEUX 1600CT\" \/>\n<meta property=\"og:description\" content=\"Kit montage silencieux 1600ct depuis 1980. Bonne qualit\u00e9 de fabrication. Pour le raccord entre silencieux aux raccords d&#039;\u00e9chappement. A partir de 06\/80.\" \/>\n<meta property=\"og:url\" content=\"https:\/\/les-routes-buissonnieres.fr\/boutik\/produit\/kit-montage-silencieux-1600ct\/\" \/>\n<meta property=\"og:site_name\" content=\"La boutique LRB\" \/>\n<meta property=\"article:modified_time\" content=\"2026-01-29T15:23:39+00:00\" \/>\n<meta property=\"og:image\" content=\"https:\/\/les-routes-buissonnieres.fr\/boutik\/wp-content\/uploads\/2016\/02\/070298052a_1.webp\" \/>\n\t<meta property=\"og:image:width\" content=\"700\" \/>\n\t<meta property=\"og:image:height\" content=\"700\" \/>\n\t<meta property=\"og:image:type\" content=\"image\/webp\" \/>\n<meta name=\"twitter:card\" content=\"summary_large_image\" \/>\n<meta name=\"twitter:label1\" content=\"Dur\u00e9e de lecture estim\u00e9e\" \/>\n\t<meta name=\"twitter:data1\" content=\"1 minute\" \/>\n<script type=\"application\/ld+json\" class=\"yoast-schema-graph\">{\"@context\":\"https:\\\/\\\/schema.org\",\"@graph\":[{\"@type\":\"WebPage\",\"@id\":\"https:\\\/\\\/les-routes-buissonnieres.fr\\\/boutik\\\/produit\\\/kit-montage-silencieux-1600ct\\\/\",\"url\":\"https:\\\/\\\/les-routes-buissonnieres.fr\\\/boutik\\\/produit\\\/kit-montage-silencieux-1600ct\\\/\",\"name\":\"KIT MONTAGE SILENCIEUX 1600CT\",\"isPartOf\":{\"@id\":\"https:\\\/\\\/les-routes-buissonnieres.fr\\\/boutik\\\/#website\"},\"primaryImageOfPage\":{\"@id\":\"https:\\\/\\\/les-routes-buissonnieres.fr\\\/boutik\\\/produit\\\/kit-montage-silencieux-1600ct\\\/#primaryimage\"},\"image\":{\"@id\":\"https:\\\/\\\/les-routes-buissonnieres.fr\\\/boutik\\\/produit\\\/kit-montage-silencieux-1600ct\\\/#primaryimage\"},\"thumbnailUrl\":\"https:\\\/\\\/les-routes-buissonnieres.fr\\\/boutik\\\/wp-content\\\/uploads\\\/2016\\\/02\\\/070298052a_1.webp\",\"datePublished\":\"2016-02-11T12:59:02+00:00\",\"dateModified\":\"2026-01-29T15:23:39+00:00\",\"description\":\"Kit montage silencieux 1600ct depuis 1980. Bonne qualit\u00e9 de fabrication. Pour le raccord entre silencieux aux raccords d'\u00e9chappement. A partir de 06\\\/80.\",\"breadcrumb\":{\"@id\":\"https:\\\/\\\/les-routes-buissonnieres.fr\\\/boutik\\\/produit\\\/kit-montage-silencieux-1600ct\\\/#breadcrumb\"},\"inLanguage\":\"fr-FR\",\"potentialAction\":[{\"@type\":\"ReadAction\",\"target\":[\"https:\\\/\\\/les-routes-buissonnieres.fr\\\/boutik\\\/produit\\\/kit-montage-silencieux-1600ct\\\/\"]}]},{\"@type\":\"ImageObject\",\"inLanguage\":\"fr-FR\",\"@id\":\"https:\\\/\\\/les-routes-buissonnieres.fr\\\/boutik\\\/produit\\\/kit-montage-silencieux-1600ct\\\/#primaryimage\",\"url\":\"https:\\\/\\\/les-routes-buissonnieres.fr\\\/boutik\\\/wp-content\\\/uploads\\\/2016\\\/02\\\/070298052a_1.webp\",\"contentUrl\":\"https:\\\/\\\/les-routes-buissonnieres.fr\\\/boutik\\\/wp-content\\\/uploads\\\/2016\\\/02\\\/070298052a_1.webp\",\"width\":700,\"height\":700,\"caption\":\"Kit montage silencieux 1600ct\"},{\"@type\":\"BreadcrumbList\",\"@id\":\"https:\\\/\\\/les-routes-buissonnieres.fr\\\/boutik\\\/produit\\\/kit-montage-silencieux-1600ct\\\/#breadcrumb\",\"itemListElement\":[{\"@type\":\"ListItem\",\"position\":1,\"name\":\"Accueil\",\"item\":\"https:\\\/\\\/les-routes-buissonnieres.fr\\\/boutik\\\/\"},{\"@type\":\"ListItem\",\"position\":2,\"name\":\"Boutique\",\"item\":\"https:\\\/\\\/les-routes-buissonnieres.fr\\\/boutik\\\/\"},{\"@type\":\"ListItem\",\"position\":3,\"name\":\"KIT MONTAGE SILENCIEUX 1600CT DEPUIS 80\"}]},{\"@type\":\"WebSite\",\"@id\":\"https:\\\/\\\/les-routes-buissonnieres.fr\\\/boutik\\\/#website\",\"url\":\"https:\\\/\\\/les-routes-buissonnieres.fr\\\/boutik\\\/\",\"name\":\"La boutique LRB\",\"description\":\"Pi\u00e8ces d\u00e9tach\u00e9es Citro\u00ebn - VW refroidies par air\",\"publisher\":{\"@id\":\"https:\\\/\\\/les-routes-buissonnieres.fr\\\/boutik\\\/#organization\"},\"potentialAction\":[{\"@type\":\"SearchAction\",\"target\":{\"@type\":\"EntryPoint\",\"urlTemplate\":\"https:\\\/\\\/les-routes-buissonnieres.fr\\\/boutik\\\/?s={search_term_string}\"},\"query-input\":{\"@type\":\"PropertyValueSpecification\",\"valueRequired\":true,\"valueName\":\"search_term_string\"}}],\"inLanguage\":\"fr-FR\"},{\"@type\":\"Organization\",\"@id\":\"https:\\\/\\\/les-routes-buissonnieres.fr\\\/boutik\\\/#organization\",\"name\":\"La boutique LRB\",\"url\":\"https:\\\/\\\/les-routes-buissonnieres.fr\\\/boutik\\\/\",\"logo\":{\"@type\":\"ImageObject\",\"inLanguage\":\"fr-FR\",\"@id\":\"https:\\\/\\\/les-routes-buissonnieres.fr\\\/boutik\\\/#\\\/schema\\\/logo\\\/image\\\/\",\"url\":\"https:\\\/\\\/les-routes-buissonnieres.fr\\\/boutik\\\/wp-content\\\/uploads\\\/2023\\\/11\\\/cropped-logo-a-et-c-2023-orange.png\",\"contentUrl\":\"https:\\\/\\\/les-routes-buissonnieres.fr\\\/boutik\\\/wp-content\\\/uploads\\\/2023\\\/11\\\/cropped-logo-a-et-c-2023-orange.png\",\"width\":300,\"height\":176,\"caption\":\"La boutique LRB\"},\"image\":{\"@id\":\"https:\\\/\\\/les-routes-buissonnieres.fr\\\/boutik\\\/#\\\/schema\\\/logo\\\/image\\\/\"}}]}<\/script>\n<!-- \/ Yoast SEO plugin. -->","yoast_head_json":{"title":"KIT MONTAGE SILENCIEUX 1600CT","description":"Kit montage silencieux 1600ct depuis 1980. Bonne qualit\u00e9 de fabrication. Pour le raccord entre silencieux aux raccords d'\u00e9chappement. A partir de 06\/80.","robots":{"index":"index","follow":"follow","max-snippet":"max-snippet:-1","max-image-preview":"max-image-preview:large","max-video-preview":"max-video-preview:-1"},"canonical":"https:\/\/les-routes-buissonnieres.fr\/boutik\/produit\/kit-montage-silencieux-1600ct\/","og_locale":"fr_FR","og_type":"article","og_title":"KIT MONTAGE SILENCIEUX 1600CT","og_description":"Kit montage silencieux 1600ct depuis 1980. Bonne qualit\u00e9 de fabrication. Pour le raccord entre silencieux aux raccords d'\u00e9chappement. A partir de 06\/80.","og_url":"https:\/\/les-routes-buissonnieres.fr\/boutik\/produit\/kit-montage-silencieux-1600ct\/","og_site_name":"La boutique LRB","article_modified_time":"2026-01-29T15:23:39+00:00","og_image":[{"width":700,"height":700,"url":"https:\/\/les-routes-buissonnieres.fr\/boutik\/wp-content\/uploads\/2016\/02\/070298052a_1.webp","type":"image\/webp"}],"twitter_card":"summary_large_image","twitter_misc":{"Dur\u00e9e de lecture estim\u00e9e":"1 minute"},"schema":{"@context":"https:\/\/schema.org","@graph":[{"@type":"WebPage","@id":"https:\/\/les-routes-buissonnieres.fr\/boutik\/produit\/kit-montage-silencieux-1600ct\/","url":"https:\/\/les-routes-buissonnieres.fr\/boutik\/produit\/kit-montage-silencieux-1600ct\/","name":"KIT MONTAGE SILENCIEUX 1600CT","isPartOf":{"@id":"https:\/\/les-routes-buissonnieres.fr\/boutik\/#website"},"primaryImageOfPage":{"@id":"https:\/\/les-routes-buissonnieres.fr\/boutik\/produit\/kit-montage-silencieux-1600ct\/#primaryimage"},"image":{"@id":"https:\/\/les-routes-buissonnieres.fr\/boutik\/produit\/kit-montage-silencieux-1600ct\/#primaryimage"},"thumbnailUrl":"https:\/\/les-routes-buissonnieres.fr\/boutik\/wp-content\/uploads\/2016\/02\/070298052a_1.webp","datePublished":"2016-02-11T12:59:02+00:00","dateModified":"2026-01-29T15:23:39+00:00","description":"Kit montage silencieux 1600ct depuis 1980. Bonne qualit\u00e9 de fabrication. Pour le raccord entre silencieux aux raccords d'\u00e9chappement. A partir de 06\/80.","breadcrumb":{"@id":"https:\/\/les-routes-buissonnieres.fr\/boutik\/produit\/kit-montage-silencieux-1600ct\/#breadcrumb"},"inLanguage":"fr-FR","potentialAction":[{"@type":"ReadAction","target":["https:\/\/les-routes-buissonnieres.fr\/boutik\/produit\/kit-montage-silencieux-1600ct\/"]}]},{"@type":"ImageObject","inLanguage":"fr-FR","@id":"https:\/\/les-routes-buissonnieres.fr\/boutik\/produit\/kit-montage-silencieux-1600ct\/#primaryimage","url":"https:\/\/les-routes-buissonnieres.fr\/boutik\/wp-content\/uploads\/2016\/02\/070298052a_1.webp","contentUrl":"https:\/\/les-routes-buissonnieres.fr\/boutik\/wp-content\/uploads\/2016\/02\/070298052a_1.webp","width":700,"height":700,"caption":"Kit montage silencieux 1600ct"},{"@type":"BreadcrumbList","@id":"https:\/\/les-routes-buissonnieres.fr\/boutik\/produit\/kit-montage-silencieux-1600ct\/#breadcrumb","itemListElement":[{"@type":"ListItem","position":1,"name":"Accueil","item":"https:\/\/les-routes-buissonnieres.fr\/boutik\/"},{"@type":"ListItem","position":2,"name":"Boutique","item":"https:\/\/les-routes-buissonnieres.fr\/boutik\/"},{"@type":"ListItem","position":3,"name":"KIT MONTAGE SILENCIEUX 1600CT DEPUIS 80"}]},{"@type":"WebSite","@id":"https:\/\/les-routes-buissonnieres.fr\/boutik\/#website","url":"https:\/\/les-routes-buissonnieres.fr\/boutik\/","name":"La boutique LRB","description":"Pi\u00e8ces d\u00e9tach\u00e9es Citro\u00ebn - VW refroidies par air","publisher":{"@id":"https:\/\/les-routes-buissonnieres.fr\/boutik\/#organization"},"potentialAction":[{"@type":"SearchAction","target":{"@type":"EntryPoint","urlTemplate":"https:\/\/les-routes-buissonnieres.fr\/boutik\/?s={search_term_string}"},"query-input":{"@type":"PropertyValueSpecification","valueRequired":true,"valueName":"search_term_string"}}],"inLanguage":"fr-FR"},{"@type":"Organization","@id":"https:\/\/les-routes-buissonnieres.fr\/boutik\/#organization","name":"La boutique LRB","url":"https:\/\/les-routes-buissonnieres.fr\/boutik\/","logo":{"@type":"ImageObject","inLanguage":"fr-FR","@id":"https:\/\/les-routes-buissonnieres.fr\/boutik\/#\/schema\/logo\/image\/","url":"https:\/\/les-routes-buissonnieres.fr\/boutik\/wp-content\/uploads\/2023\/11\/cropped-logo-a-et-c-2023-orange.png","contentUrl":"https:\/\/les-routes-buissonnieres.fr\/boutik\/wp-content\/uploads\/2023\/11\/cropped-logo-a-et-c-2023-orange.png","width":300,"height":176,"caption":"La boutique LRB"},"image":{"@id":"https:\/\/les-routes-buissonnieres.fr\/boutik\/#\/schema\/logo\/image\/"}}]}},"_links":{"self":[{"href":"https:\/\/les-routes-buissonnieres.fr\/boutik\/wp-json\/wp\/v2\/product\/5306","targetHints":{"allow":["GET"]}}],"collection":[{"href":"https:\/\/les-routes-buissonnieres.fr\/boutik\/wp-json\/wp\/v2\/product"}],"about":[{"href":"https:\/\/les-routes-buissonnieres.fr\/boutik\/wp-json\/wp\/v2\/types\/product"}],"wp:featuredmedia":[{"embeddable":true,"href":"https:\/\/les-routes-buissonnieres.fr\/boutik\/wp-json\/wp\/v2\/media\/65431"}],"wp:attachment":[{"href":"https:\/\/les-routes-buissonnieres.fr\/boutik\/wp-json\/wp\/v2\/media?parent=5306"}],"wp:term":[{"taxonomy":"product_brand","embeddable":true,"href":"https:\/\/les-routes-buissonnieres.fr\/boutik\/wp-json\/wp\/v2\/product_brand?post=5306"},{"taxonomy":"product_cat","embeddable":true,"href":"https:\/\/les-routes-buissonnieres.fr\/boutik\/wp-json\/wp\/v2\/product_cat?post=5306"},{"taxonomy":"product_tag","embeddable":true,"href":"https:\/\/les-routes-buissonnieres.fr\/boutik\/wp-json\/wp\/v2\/product_tag?post=5306"}],"curies":[{"name":"wp","href":"https:\/\/api.w.org\/{rel}","templated":true}]}}