{"id":5307,"date":"2016-02-11T13:57:56","date_gmt":"2016-02-11T12:57:56","guid":{"rendered":"http:\/\/ailettes-et-carbus.fr\/?post_type=product&#038;p=5307"},"modified":"2026-01-29T16:24:50","modified_gmt":"2026-01-29T15:24:50","slug":"silencieux-vw-t3-1600ct-depuis-80","status":"publish","type":"product","link":"https:\/\/les-routes-buissonnieres.fr\/boutik\/produit\/silencieux-vw-t3-1600ct-depuis-80\/","title":{"rendered":"SILENCIEUX VW T3 1600CT DEPUIS 80"},"content":{"rendered":"<p>Silencieux VW T3 1600ct depuis 80.<\/p>\n<p>Le <a href=\"http:\/\/www.t3zone.fr\/\">Transporter T3<\/a> \u00e0 moteur 1600ct est souvent consid\u00e9r\u00e9 comme le vilain petit canard. Pour nous, \u00e0 tort.<\/p>\n<p>Du coup, il y a peu de fabrications de pi\u00e8ces sp\u00e9cifiques. Il n&rsquo;y a donc pas forc\u00e9ment beaucoup de choix.<\/p>\n<p>Les pi\u00e8ces d\u2019origine sont indisponibles depuis de nombreuses ann\u00e9es. Il est parfois difficile de s\u2019y retrouver parmi les nombreuses re-fabrications qu\u2019on trouve un peu partout.<\/p>\n<p>Dans le cas pr\u00e9sent il n&rsquo;existe, \u00e0 notre connaissance, qu&rsquo;une seule re-fabrication. Elle est de qualit\u00e9 standard. Mais c&rsquo;est la seul moyen de remplacer son silencieux Silencieux VW T3 1600ct \u00e0 un tarif relativement abordable. Il est possible de trouver des kits \u00e9chappement non d&rsquo;origine, mais ce n&rsquo;est pas le m\u00eame budget.<\/p>\n<p>Convient aux transporter T3\u00a0 1600 CT de 06\/1980 \u00e0 12\/1982 (2\u00e8me montage)<\/p>\n<p>Re-fabrication de qualit\u00e9 acceptable, pas d&rsquo;alternative aujourd&rsquo;hui.<\/p>\n<p>Pensez \u00e0 remplacer <a href=\"https:\/\/les-routes-buissonnieres.fr\/boutik\/produit\/kit-montage-silencieux-1600ct\/\"><strong>vos joints d&rsquo;\u00e9chappement <\/strong><\/a>en m\u00eame temps que votre silencieux.<\/p>\n<p>Livr\u00e9 en appr\u00eat de stockage. Vous pouvez le peindre avec une peinture haute temp\u00e9rature apr\u00e8s avoir l\u00e9g\u00e8rement ponc\u00e9 ou le monter tel quel.<\/p>\n","protected":false},"excerpt":{"rendered":"<p>Silencieux VW T3 1600ct depuis 80. 2\u00e8me montage. Re-fabrication de qualit\u00e9 standard. Pas d&rsquo;alternative.<\/p>\n","protected":false},"featured_media":65045,"template":"","meta":[],"product_brand":[],"product_cat":[77,28],"product_tag":[1066,1057,233,232,235,223],"class_list":{"0":"post-5307","1":"product","2":"type-product","3":"status-publish","4":"has-post-thumbnail","6":"product_cat-cv125-echappement","7":"product_cat-pieces-vw-transporter-t3-type-25-ct-cu","8":"product_tag-echappement-1600ct","9":"product_tag-silencieux-dechappement","10":"product_tag-t25","11":"product_tag-t3","12":"product_tag-transporter","13":"product_tag-vw","15":"first","16":"instock","17":"taxable","18":"shipping-taxable","19":"purchasable","20":"product-type-simple"},"yoast_head":"<!-- This site is optimized with the Yoast SEO plugin v27.4 - https:\/\/yoast.com\/product\/yoast-seo-wordpress\/ -->\n<title>SILENCIEUX VW T3 1600CT DEPUIS 80 - La boutique LRB<\/title>\n<meta name=\"description\" content=\"Silencieux VW T3 1600ct depuis 80. Re-fabrication de qualit\u00e9 standard. Pas d&#039;alternative disponible actuellement. Pour VW Transporter T3 \u00e0 partir de 06\/80.\" \/>\n<meta name=\"robots\" content=\"index, follow, max-snippet:-1, max-image-preview:large, max-video-preview:-1\" \/>\n<link rel=\"canonical\" href=\"https:\/\/les-routes-buissonnieres.fr\/boutik\/produit\/silencieux-vw-t3-1600ct-depuis-80\/\" \/>\n<meta property=\"og:locale\" content=\"fr_FR\" \/>\n<meta property=\"og:type\" content=\"article\" \/>\n<meta property=\"og:title\" content=\"SILENCIEUX VW T3 1600CT DEPUIS 80 - La boutique LRB\" \/>\n<meta property=\"og:description\" content=\"Silencieux VW T3 1600ct depuis 80. Re-fabrication de qualit\u00e9 standard. Pas d&#039;alternative disponible actuellement. Pour VW Transporter T3 \u00e0 partir de 06\/80.\" \/>\n<meta property=\"og:url\" content=\"https:\/\/les-routes-buissonnieres.fr\/boutik\/produit\/silencieux-vw-t3-1600ct-depuis-80\/\" \/>\n<meta property=\"og:site_name\" content=\"La boutique LRB\" \/>\n<meta property=\"article:modified_time\" content=\"2026-01-29T15:24:50+00:00\" \/>\n<meta property=\"og:image\" content=\"https:\/\/les-routes-buissonnieres.fr\/boutik\/wp-content\/uploads\/2016\/02\/NVWG013.jpg\" \/>\n\t<meta property=\"og:image:width\" content=\"800\" \/>\n\t<meta property=\"og:image:height\" content=\"800\" \/>\n\t<meta property=\"og:image:type\" content=\"image\/jpeg\" \/>\n<meta name=\"twitter:card\" content=\"summary_large_image\" \/>\n<meta name=\"twitter:label1\" content=\"Dur\u00e9e de lecture estim\u00e9e\" \/>\n\t<meta name=\"twitter:data1\" content=\"2 minutes\" \/>\n<script type=\"application\/ld+json\" class=\"yoast-schema-graph\">{\"@context\":\"https:\\\/\\\/schema.org\",\"@graph\":[{\"@type\":\"WebPage\",\"@id\":\"https:\\\/\\\/les-routes-buissonnieres.fr\\\/boutik\\\/produit\\\/silencieux-vw-t3-1600ct-depuis-80\\\/\",\"url\":\"https:\\\/\\\/les-routes-buissonnieres.fr\\\/boutik\\\/produit\\\/silencieux-vw-t3-1600ct-depuis-80\\\/\",\"name\":\"SILENCIEUX VW T3 1600CT DEPUIS 80 - La boutique LRB\",\"isPartOf\":{\"@id\":\"https:\\\/\\\/les-routes-buissonnieres.fr\\\/boutik\\\/#website\"},\"primaryImageOfPage\":{\"@id\":\"https:\\\/\\\/les-routes-buissonnieres.fr\\\/boutik\\\/produit\\\/silencieux-vw-t3-1600ct-depuis-80\\\/#primaryimage\"},\"image\":{\"@id\":\"https:\\\/\\\/les-routes-buissonnieres.fr\\\/boutik\\\/produit\\\/silencieux-vw-t3-1600ct-depuis-80\\\/#primaryimage\"},\"thumbnailUrl\":\"https:\\\/\\\/les-routes-buissonnieres.fr\\\/boutik\\\/wp-content\\\/uploads\\\/2016\\\/02\\\/NVWG013.jpg\",\"datePublished\":\"2016-02-11T12:57:56+00:00\",\"dateModified\":\"2026-01-29T15:24:50+00:00\",\"description\":\"Silencieux VW T3 1600ct depuis 80. Re-fabrication de qualit\u00e9 standard. Pas d'alternative disponible actuellement. Pour VW Transporter T3 \u00e0 partir de 06\\\/80.\",\"breadcrumb\":{\"@id\":\"https:\\\/\\\/les-routes-buissonnieres.fr\\\/boutik\\\/produit\\\/silencieux-vw-t3-1600ct-depuis-80\\\/#breadcrumb\"},\"inLanguage\":\"fr-FR\",\"potentialAction\":[{\"@type\":\"ReadAction\",\"target\":[\"https:\\\/\\\/les-routes-buissonnieres.fr\\\/boutik\\\/produit\\\/silencieux-vw-t3-1600ct-depuis-80\\\/\"]}]},{\"@type\":\"ImageObject\",\"inLanguage\":\"fr-FR\",\"@id\":\"https:\\\/\\\/les-routes-buissonnieres.fr\\\/boutik\\\/produit\\\/silencieux-vw-t3-1600ct-depuis-80\\\/#primaryimage\",\"url\":\"https:\\\/\\\/les-routes-buissonnieres.fr\\\/boutik\\\/wp-content\\\/uploads\\\/2016\\\/02\\\/NVWG013.jpg\",\"contentUrl\":\"https:\\\/\\\/les-routes-buissonnieres.fr\\\/boutik\\\/wp-content\\\/uploads\\\/2016\\\/02\\\/NVWG013.jpg\",\"width\":800,\"height\":800,\"caption\":\"Silencieux VW T3 1600ct depuis 80.\"},{\"@type\":\"BreadcrumbList\",\"@id\":\"https:\\\/\\\/les-routes-buissonnieres.fr\\\/boutik\\\/produit\\\/silencieux-vw-t3-1600ct-depuis-80\\\/#breadcrumb\",\"itemListElement\":[{\"@type\":\"ListItem\",\"position\":1,\"name\":\"Accueil\",\"item\":\"https:\\\/\\\/les-routes-buissonnieres.fr\\\/boutik\\\/\"},{\"@type\":\"ListItem\",\"position\":2,\"name\":\"Boutique\",\"item\":\"https:\\\/\\\/les-routes-buissonnieres.fr\\\/boutik\\\/\"},{\"@type\":\"ListItem\",\"position\":3,\"name\":\"SILENCIEUX VW T3 1600CT DEPUIS 80\"}]},{\"@type\":\"WebSite\",\"@id\":\"https:\\\/\\\/les-routes-buissonnieres.fr\\\/boutik\\\/#website\",\"url\":\"https:\\\/\\\/les-routes-buissonnieres.fr\\\/boutik\\\/\",\"name\":\"La boutique LRB\",\"description\":\"Pi\u00e8ces d\u00e9tach\u00e9es Citro\u00ebn - VW refroidies par air\",\"publisher\":{\"@id\":\"https:\\\/\\\/les-routes-buissonnieres.fr\\\/boutik\\\/#organization\"},\"potentialAction\":[{\"@type\":\"SearchAction\",\"target\":{\"@type\":\"EntryPoint\",\"urlTemplate\":\"https:\\\/\\\/les-routes-buissonnieres.fr\\\/boutik\\\/?s={search_term_string}\"},\"query-input\":{\"@type\":\"PropertyValueSpecification\",\"valueRequired\":true,\"valueName\":\"search_term_string\"}}],\"inLanguage\":\"fr-FR\"},{\"@type\":\"Organization\",\"@id\":\"https:\\\/\\\/les-routes-buissonnieres.fr\\\/boutik\\\/#organization\",\"name\":\"La boutique LRB\",\"url\":\"https:\\\/\\\/les-routes-buissonnieres.fr\\\/boutik\\\/\",\"logo\":{\"@type\":\"ImageObject\",\"inLanguage\":\"fr-FR\",\"@id\":\"https:\\\/\\\/les-routes-buissonnieres.fr\\\/boutik\\\/#\\\/schema\\\/logo\\\/image\\\/\",\"url\":\"https:\\\/\\\/les-routes-buissonnieres.fr\\\/boutik\\\/wp-content\\\/uploads\\\/2023\\\/11\\\/cropped-logo-a-et-c-2023-orange.png\",\"contentUrl\":\"https:\\\/\\\/les-routes-buissonnieres.fr\\\/boutik\\\/wp-content\\\/uploads\\\/2023\\\/11\\\/cropped-logo-a-et-c-2023-orange.png\",\"width\":300,\"height\":176,\"caption\":\"La boutique LRB\"},\"image\":{\"@id\":\"https:\\\/\\\/les-routes-buissonnieres.fr\\\/boutik\\\/#\\\/schema\\\/logo\\\/image\\\/\"}}]}<\/script>\n<!-- \/ Yoast SEO plugin. -->","yoast_head_json":{"title":"SILENCIEUX VW T3 1600CT DEPUIS 80 - La boutique LRB","description":"Silencieux VW T3 1600ct depuis 80. Re-fabrication de qualit\u00e9 standard. Pas d'alternative disponible actuellement. Pour VW Transporter T3 \u00e0 partir de 06\/80.","robots":{"index":"index","follow":"follow","max-snippet":"max-snippet:-1","max-image-preview":"max-image-preview:large","max-video-preview":"max-video-preview:-1"},"canonical":"https:\/\/les-routes-buissonnieres.fr\/boutik\/produit\/silencieux-vw-t3-1600ct-depuis-80\/","og_locale":"fr_FR","og_type":"article","og_title":"SILENCIEUX VW T3 1600CT DEPUIS 80 - La boutique LRB","og_description":"Silencieux VW T3 1600ct depuis 80. Re-fabrication de qualit\u00e9 standard. Pas d'alternative disponible actuellement. Pour VW Transporter T3 \u00e0 partir de 06\/80.","og_url":"https:\/\/les-routes-buissonnieres.fr\/boutik\/produit\/silencieux-vw-t3-1600ct-depuis-80\/","og_site_name":"La boutique LRB","article_modified_time":"2026-01-29T15:24:50+00:00","og_image":[{"width":800,"height":800,"url":"https:\/\/les-routes-buissonnieres.fr\/boutik\/wp-content\/uploads\/2016\/02\/NVWG013.jpg","type":"image\/jpeg"}],"twitter_card":"summary_large_image","twitter_misc":{"Dur\u00e9e de lecture estim\u00e9e":"2 minutes"},"schema":{"@context":"https:\/\/schema.org","@graph":[{"@type":"WebPage","@id":"https:\/\/les-routes-buissonnieres.fr\/boutik\/produit\/silencieux-vw-t3-1600ct-depuis-80\/","url":"https:\/\/les-routes-buissonnieres.fr\/boutik\/produit\/silencieux-vw-t3-1600ct-depuis-80\/","name":"SILENCIEUX VW T3 1600CT DEPUIS 80 - La boutique LRB","isPartOf":{"@id":"https:\/\/les-routes-buissonnieres.fr\/boutik\/#website"},"primaryImageOfPage":{"@id":"https:\/\/les-routes-buissonnieres.fr\/boutik\/produit\/silencieux-vw-t3-1600ct-depuis-80\/#primaryimage"},"image":{"@id":"https:\/\/les-routes-buissonnieres.fr\/boutik\/produit\/silencieux-vw-t3-1600ct-depuis-80\/#primaryimage"},"thumbnailUrl":"https:\/\/les-routes-buissonnieres.fr\/boutik\/wp-content\/uploads\/2016\/02\/NVWG013.jpg","datePublished":"2016-02-11T12:57:56+00:00","dateModified":"2026-01-29T15:24:50+00:00","description":"Silencieux VW T3 1600ct depuis 80. Re-fabrication de qualit\u00e9 standard. Pas d'alternative disponible actuellement. Pour VW Transporter T3 \u00e0 partir de 06\/80.","breadcrumb":{"@id":"https:\/\/les-routes-buissonnieres.fr\/boutik\/produit\/silencieux-vw-t3-1600ct-depuis-80\/#breadcrumb"},"inLanguage":"fr-FR","potentialAction":[{"@type":"ReadAction","target":["https:\/\/les-routes-buissonnieres.fr\/boutik\/produit\/silencieux-vw-t3-1600ct-depuis-80\/"]}]},{"@type":"ImageObject","inLanguage":"fr-FR","@id":"https:\/\/les-routes-buissonnieres.fr\/boutik\/produit\/silencieux-vw-t3-1600ct-depuis-80\/#primaryimage","url":"https:\/\/les-routes-buissonnieres.fr\/boutik\/wp-content\/uploads\/2016\/02\/NVWG013.jpg","contentUrl":"https:\/\/les-routes-buissonnieres.fr\/boutik\/wp-content\/uploads\/2016\/02\/NVWG013.jpg","width":800,"height":800,"caption":"Silencieux VW T3 1600ct depuis 80."},{"@type":"BreadcrumbList","@id":"https:\/\/les-routes-buissonnieres.fr\/boutik\/produit\/silencieux-vw-t3-1600ct-depuis-80\/#breadcrumb","itemListElement":[{"@type":"ListItem","position":1,"name":"Accueil","item":"https:\/\/les-routes-buissonnieres.fr\/boutik\/"},{"@type":"ListItem","position":2,"name":"Boutique","item":"https:\/\/les-routes-buissonnieres.fr\/boutik\/"},{"@type":"ListItem","position":3,"name":"SILENCIEUX VW T3 1600CT DEPUIS 80"}]},{"@type":"WebSite","@id":"https:\/\/les-routes-buissonnieres.fr\/boutik\/#website","url":"https:\/\/les-routes-buissonnieres.fr\/boutik\/","name":"La boutique LRB","description":"Pi\u00e8ces d\u00e9tach\u00e9es Citro\u00ebn - VW refroidies par air","publisher":{"@id":"https:\/\/les-routes-buissonnieres.fr\/boutik\/#organization"},"potentialAction":[{"@type":"SearchAction","target":{"@type":"EntryPoint","urlTemplate":"https:\/\/les-routes-buissonnieres.fr\/boutik\/?s={search_term_string}"},"query-input":{"@type":"PropertyValueSpecification","valueRequired":true,"valueName":"search_term_string"}}],"inLanguage":"fr-FR"},{"@type":"Organization","@id":"https:\/\/les-routes-buissonnieres.fr\/boutik\/#organization","name":"La boutique LRB","url":"https:\/\/les-routes-buissonnieres.fr\/boutik\/","logo":{"@type":"ImageObject","inLanguage":"fr-FR","@id":"https:\/\/les-routes-buissonnieres.fr\/boutik\/#\/schema\/logo\/image\/","url":"https:\/\/les-routes-buissonnieres.fr\/boutik\/wp-content\/uploads\/2023\/11\/cropped-logo-a-et-c-2023-orange.png","contentUrl":"https:\/\/les-routes-buissonnieres.fr\/boutik\/wp-content\/uploads\/2023\/11\/cropped-logo-a-et-c-2023-orange.png","width":300,"height":176,"caption":"La boutique LRB"},"image":{"@id":"https:\/\/les-routes-buissonnieres.fr\/boutik\/#\/schema\/logo\/image\/"}}]}},"_links":{"self":[{"href":"https:\/\/les-routes-buissonnieres.fr\/boutik\/wp-json\/wp\/v2\/product\/5307","targetHints":{"allow":["GET"]}}],"collection":[{"href":"https:\/\/les-routes-buissonnieres.fr\/boutik\/wp-json\/wp\/v2\/product"}],"about":[{"href":"https:\/\/les-routes-buissonnieres.fr\/boutik\/wp-json\/wp\/v2\/types\/product"}],"wp:featuredmedia":[{"embeddable":true,"href":"https:\/\/les-routes-buissonnieres.fr\/boutik\/wp-json\/wp\/v2\/media\/65045"}],"wp:attachment":[{"href":"https:\/\/les-routes-buissonnieres.fr\/boutik\/wp-json\/wp\/v2\/media?parent=5307"}],"wp:term":[{"taxonomy":"product_brand","embeddable":true,"href":"https:\/\/les-routes-buissonnieres.fr\/boutik\/wp-json\/wp\/v2\/product_brand?post=5307"},{"taxonomy":"product_cat","embeddable":true,"href":"https:\/\/les-routes-buissonnieres.fr\/boutik\/wp-json\/wp\/v2\/product_cat?post=5307"},{"taxonomy":"product_tag","embeddable":true,"href":"https:\/\/les-routes-buissonnieres.fr\/boutik\/wp-json\/wp\/v2\/product_tag?post=5307"}],"curies":[{"name":"wp","href":"https:\/\/api.w.org\/{rel}","templated":true}]}}