{"id":55340,"date":"2019-11-12T11:19:55","date_gmt":"2019-11-12T10:19:55","guid":{"rendered":"https:\/\/ailettes-et-carbus.fr\/?post_type=product&#038;p=55340"},"modified":"2026-01-27T11:11:14","modified_gmt":"2026-01-27T10:11:14","slug":"pompe-essence-vw-t3-1600ct","status":"publish","type":"product","link":"https:\/\/les-routes-buissonnieres.fr\/boutik\/produit\/pompe-essence-vw-t3-1600ct\/","title":{"rendered":"POMPE ESSENCE VW T3 1600CT Q+"},"content":{"rendered":"<p>Pompe essence vw t3 1600CT Q+.<\/p>\n<p>Vous recherchez une pompe \u00e0 essence m\u00e9canique fiable pour votre<a href=\"https:\/\/www.fourgonlesite.com\/van-lifestyle\/fourgon-van-de-legende-le-volkswagen-t3\/\"> VW T3<\/a> ?<\/p>\n<p>&nbsp;<\/p>\n<p>Voici la meilleure fabrication actuelle! Produite en Italie, elle est enti\u00e8rement d\u00e9montable. Simple \u00e0 entretenir et \u00e0 nettoyer.<\/p>\n<p>C&rsquo;est notre s\u00e9lection et c&rsquo;est celle que nous montons \u00e0 l&rsquo;atelier depuis de nombreuses ann\u00e9es maintenant.<\/p>\n<p>Nous avons test\u00e9 cette pompe sur nos diff\u00e9rents v\u00e9hicules et apr\u00e8s plusieurs dizaine de milliers de kilom\u00e8tre, elle n&rsquo;est jamais tomb\u00e9e en panne!<\/p>\n<p>Pour une fois, le prix est bien synonyme de qualit\u00e9. Oubliez les pompes bas de gamme! Bien sur elles sont moins ch\u00e8res \u00e0 l&rsquo;achat, mais elles ne durent pas dans le temps et ne sont pas d\u00e9montables pour la plupart.<\/p>\n<p>&nbsp;<\/p>\n<p>Cette pompe \u00e0 essence pour votre VW Transporter est solide et durera longtemps. En plus, elle est livr\u00e9e avec si tige de pouss\u00e9e neuve.<\/p>\n<p>Afin d&rsquo;assurer un montage impeccable et un fonctionnement sans probl\u00e8me, pensez \u00e0 appliquer un peu de <a href=\"https:\/\/les-routes-buissonnieres.fr\/boutik\/produit\/cartouche-graisse-calcium-universelle-minerva\/\"><strong>graisse\u00a0<\/strong><\/a>au niveau de la came. V\u00e9rifiez bien l&rsquo;\u00e9tat de votre bak\u00e9lite sous pompe \u00e9galement. En cas de d\u00e9formation ou de fissures, nous vous conseillons de la remplacer par notre <a href=\"https:\/\/les-routes-buissonnieres.fr\/boutik\/produit\/bakelite-sous-pompe-a-essence-vw-2\/\"><strong>mod\u00e8le neuf<\/strong><\/a>.<\/p>\n<p>Convient \u00e9galement pour T3 1.9l DF et DG.<\/p>\n","protected":false},"excerpt":{"rendered":"<p>Pompe essence vw t3 1600CT Q+. Excellente qualit\u00e9 de fabrication.<\/p>\n","protected":false},"featured_media":65388,"template":"","meta":[],"product_brand":[],"product_cat":[79,48,28],"product_tag":[2075,2076,2074,2027,2073],"class_list":{"0":"post-55340","1":"product","2":"type-product","3":"status-publish","4":"has-post-thumbnail","6":"product_cat-cv120-alimentation-carburant","7":"product_cat-cv123-moteur-autres-pieces-de-rechange","8":"product_cat-pieces-vw-transporter-t3-type-25-ct-cu","9":"product_tag-pompe-a-essence-1-9l-df","10":"product_tag-pompe-a-essence-1-9l-dg","11":"product_tag-pompe-a-essence-1600ct","12":"product_tag-pompe-a-essence-t3","13":"product_tag-pompe-a-essence-transporter","15":"first","16":"instock","17":"taxable","18":"shipping-taxable","19":"purchasable","20":"product-type-simple"},"yoast_head":"<!-- This site is optimized with the Yoast SEO plugin v27.4 - https:\/\/yoast.com\/product\/yoast-seo-wordpress\/ -->\n<title>POMPE ESSENCE VW T3 1600CT Q+ - La boutique LRB<\/title>\n<meta name=\"description\" content=\"Pompe \u00e0 essence pour VW T3 1600ct, 1.9L DF et DG. Qualit\u00e9 monte d&#039;origine. Enti\u00e8rement d\u00e9montable. Fabriqu\u00e9e en Italie. La meilleure pompe sur le march\u00e9!\" \/>\n<meta name=\"robots\" content=\"index, follow, max-snippet:-1, max-image-preview:large, max-video-preview:-1\" \/>\n<link rel=\"canonical\" href=\"https:\/\/les-routes-buissonnieres.fr\/boutik\/produit\/pompe-essence-vw-t3-1600ct\/\" \/>\n<meta property=\"og:locale\" content=\"fr_FR\" \/>\n<meta property=\"og:type\" content=\"article\" \/>\n<meta property=\"og:title\" content=\"POMPE ESSENCE VW T3 1600CT Q+ - La boutique LRB\" \/>\n<meta property=\"og:description\" content=\"Pompe \u00e0 essence pour VW T3 1600ct, 1.9L DF et DG. Qualit\u00e9 monte d&#039;origine. Enti\u00e8rement d\u00e9montable. Fabriqu\u00e9e en Italie. La meilleure pompe sur le march\u00e9!\" \/>\n<meta property=\"og:url\" content=\"https:\/\/les-routes-buissonnieres.fr\/boutik\/produit\/pompe-essence-vw-t3-1600ct\/\" \/>\n<meta property=\"og:site_name\" content=\"La boutique LRB\" \/>\n<meta property=\"article:modified_time\" content=\"2026-01-27T10:11:14+00:00\" \/>\n<meta property=\"og:image\" content=\"https:\/\/les-routes-buissonnieres.fr\/boutik\/wp-content\/uploads\/2019\/11\/pompeessencetype1.jpg\" \/>\n\t<meta property=\"og:image:width\" content=\"488\" \/>\n\t<meta property=\"og:image:height\" content=\"500\" \/>\n\t<meta property=\"og:image:type\" content=\"image\/jpeg\" \/>\n<meta name=\"twitter:card\" content=\"summary_large_image\" \/>\n<meta name=\"twitter:label1\" content=\"Dur\u00e9e de lecture estim\u00e9e\" \/>\n\t<meta name=\"twitter:data1\" content=\"2 minutes\" \/>\n<script type=\"application\/ld+json\" class=\"yoast-schema-graph\">{\"@context\":\"https:\\\/\\\/schema.org\",\"@graph\":[{\"@type\":\"WebPage\",\"@id\":\"https:\\\/\\\/les-routes-buissonnieres.fr\\\/boutik\\\/produit\\\/pompe-essence-vw-t3-1600ct\\\/\",\"url\":\"https:\\\/\\\/les-routes-buissonnieres.fr\\\/boutik\\\/produit\\\/pompe-essence-vw-t3-1600ct\\\/\",\"name\":\"POMPE ESSENCE VW T3 1600CT Q+ - La boutique LRB\",\"isPartOf\":{\"@id\":\"https:\\\/\\\/les-routes-buissonnieres.fr\\\/boutik\\\/#website\"},\"primaryImageOfPage\":{\"@id\":\"https:\\\/\\\/les-routes-buissonnieres.fr\\\/boutik\\\/produit\\\/pompe-essence-vw-t3-1600ct\\\/#primaryimage\"},\"image\":{\"@id\":\"https:\\\/\\\/les-routes-buissonnieres.fr\\\/boutik\\\/produit\\\/pompe-essence-vw-t3-1600ct\\\/#primaryimage\"},\"thumbnailUrl\":\"https:\\\/\\\/les-routes-buissonnieres.fr\\\/boutik\\\/wp-content\\\/uploads\\\/2019\\\/11\\\/pompeessencetype1.jpg\",\"datePublished\":\"2019-11-12T10:19:55+00:00\",\"dateModified\":\"2026-01-27T10:11:14+00:00\",\"description\":\"Pompe \u00e0 essence pour VW T3 1600ct, 1.9L DF et DG. Qualit\u00e9 monte d'origine. Enti\u00e8rement d\u00e9montable. Fabriqu\u00e9e en Italie. La meilleure pompe sur le march\u00e9!\",\"breadcrumb\":{\"@id\":\"https:\\\/\\\/les-routes-buissonnieres.fr\\\/boutik\\\/produit\\\/pompe-essence-vw-t3-1600ct\\\/#breadcrumb\"},\"inLanguage\":\"fr-FR\",\"potentialAction\":[{\"@type\":\"ReadAction\",\"target\":[\"https:\\\/\\\/les-routes-buissonnieres.fr\\\/boutik\\\/produit\\\/pompe-essence-vw-t3-1600ct\\\/\"]}]},{\"@type\":\"ImageObject\",\"inLanguage\":\"fr-FR\",\"@id\":\"https:\\\/\\\/les-routes-buissonnieres.fr\\\/boutik\\\/produit\\\/pompe-essence-vw-t3-1600ct\\\/#primaryimage\",\"url\":\"https:\\\/\\\/les-routes-buissonnieres.fr\\\/boutik\\\/wp-content\\\/uploads\\\/2019\\\/11\\\/pompeessencetype1.jpg\",\"contentUrl\":\"https:\\\/\\\/les-routes-buissonnieres.fr\\\/boutik\\\/wp-content\\\/uploads\\\/2019\\\/11\\\/pompeessencetype1.jpg\",\"width\":488,\"height\":500,\"caption\":\"Pompe essence VW T3\"},{\"@type\":\"BreadcrumbList\",\"@id\":\"https:\\\/\\\/les-routes-buissonnieres.fr\\\/boutik\\\/produit\\\/pompe-essence-vw-t3-1600ct\\\/#breadcrumb\",\"itemListElement\":[{\"@type\":\"ListItem\",\"position\":1,\"name\":\"Accueil\",\"item\":\"https:\\\/\\\/les-routes-buissonnieres.fr\\\/boutik\\\/\"},{\"@type\":\"ListItem\",\"position\":2,\"name\":\"Boutique\",\"item\":\"https:\\\/\\\/les-routes-buissonnieres.fr\\\/boutik\\\/\"},{\"@type\":\"ListItem\",\"position\":3,\"name\":\"POMPE ESSENCE VW T3 1600CT Q+\"}]},{\"@type\":\"WebSite\",\"@id\":\"https:\\\/\\\/les-routes-buissonnieres.fr\\\/boutik\\\/#website\",\"url\":\"https:\\\/\\\/les-routes-buissonnieres.fr\\\/boutik\\\/\",\"name\":\"La boutique LRB\",\"description\":\"Pi\u00e8ces d\u00e9tach\u00e9es Citro\u00ebn - VW refroidies par air\",\"publisher\":{\"@id\":\"https:\\\/\\\/les-routes-buissonnieres.fr\\\/boutik\\\/#organization\"},\"potentialAction\":[{\"@type\":\"SearchAction\",\"target\":{\"@type\":\"EntryPoint\",\"urlTemplate\":\"https:\\\/\\\/les-routes-buissonnieres.fr\\\/boutik\\\/?s={search_term_string}\"},\"query-input\":{\"@type\":\"PropertyValueSpecification\",\"valueRequired\":true,\"valueName\":\"search_term_string\"}}],\"inLanguage\":\"fr-FR\"},{\"@type\":\"Organization\",\"@id\":\"https:\\\/\\\/les-routes-buissonnieres.fr\\\/boutik\\\/#organization\",\"name\":\"La boutique LRB\",\"url\":\"https:\\\/\\\/les-routes-buissonnieres.fr\\\/boutik\\\/\",\"logo\":{\"@type\":\"ImageObject\",\"inLanguage\":\"fr-FR\",\"@id\":\"https:\\\/\\\/les-routes-buissonnieres.fr\\\/boutik\\\/#\\\/schema\\\/logo\\\/image\\\/\",\"url\":\"https:\\\/\\\/les-routes-buissonnieres.fr\\\/boutik\\\/wp-content\\\/uploads\\\/2023\\\/11\\\/cropped-logo-a-et-c-2023-orange.png\",\"contentUrl\":\"https:\\\/\\\/les-routes-buissonnieres.fr\\\/boutik\\\/wp-content\\\/uploads\\\/2023\\\/11\\\/cropped-logo-a-et-c-2023-orange.png\",\"width\":300,\"height\":176,\"caption\":\"La boutique LRB\"},\"image\":{\"@id\":\"https:\\\/\\\/les-routes-buissonnieres.fr\\\/boutik\\\/#\\\/schema\\\/logo\\\/image\\\/\"}}]}<\/script>\n<!-- \/ Yoast SEO plugin. -->","yoast_head_json":{"title":"POMPE ESSENCE VW T3 1600CT Q+ - La boutique LRB","description":"Pompe \u00e0 essence pour VW T3 1600ct, 1.9L DF et DG. Qualit\u00e9 monte d'origine. Enti\u00e8rement d\u00e9montable. Fabriqu\u00e9e en Italie. La meilleure pompe sur le march\u00e9!","robots":{"index":"index","follow":"follow","max-snippet":"max-snippet:-1","max-image-preview":"max-image-preview:large","max-video-preview":"max-video-preview:-1"},"canonical":"https:\/\/les-routes-buissonnieres.fr\/boutik\/produit\/pompe-essence-vw-t3-1600ct\/","og_locale":"fr_FR","og_type":"article","og_title":"POMPE ESSENCE VW T3 1600CT Q+ - La boutique LRB","og_description":"Pompe \u00e0 essence pour VW T3 1600ct, 1.9L DF et DG. Qualit\u00e9 monte d'origine. Enti\u00e8rement d\u00e9montable. Fabriqu\u00e9e en Italie. La meilleure pompe sur le march\u00e9!","og_url":"https:\/\/les-routes-buissonnieres.fr\/boutik\/produit\/pompe-essence-vw-t3-1600ct\/","og_site_name":"La boutique LRB","article_modified_time":"2026-01-27T10:11:14+00:00","og_image":[{"width":488,"height":500,"url":"https:\/\/les-routes-buissonnieres.fr\/boutik\/wp-content\/uploads\/2019\/11\/pompeessencetype1.jpg","type":"image\/jpeg"}],"twitter_card":"summary_large_image","twitter_misc":{"Dur\u00e9e de lecture estim\u00e9e":"2 minutes"},"schema":{"@context":"https:\/\/schema.org","@graph":[{"@type":"WebPage","@id":"https:\/\/les-routes-buissonnieres.fr\/boutik\/produit\/pompe-essence-vw-t3-1600ct\/","url":"https:\/\/les-routes-buissonnieres.fr\/boutik\/produit\/pompe-essence-vw-t3-1600ct\/","name":"POMPE ESSENCE VW T3 1600CT Q+ - La boutique LRB","isPartOf":{"@id":"https:\/\/les-routes-buissonnieres.fr\/boutik\/#website"},"primaryImageOfPage":{"@id":"https:\/\/les-routes-buissonnieres.fr\/boutik\/produit\/pompe-essence-vw-t3-1600ct\/#primaryimage"},"image":{"@id":"https:\/\/les-routes-buissonnieres.fr\/boutik\/produit\/pompe-essence-vw-t3-1600ct\/#primaryimage"},"thumbnailUrl":"https:\/\/les-routes-buissonnieres.fr\/boutik\/wp-content\/uploads\/2019\/11\/pompeessencetype1.jpg","datePublished":"2019-11-12T10:19:55+00:00","dateModified":"2026-01-27T10:11:14+00:00","description":"Pompe \u00e0 essence pour VW T3 1600ct, 1.9L DF et DG. Qualit\u00e9 monte d'origine. Enti\u00e8rement d\u00e9montable. Fabriqu\u00e9e en Italie. La meilleure pompe sur le march\u00e9!","breadcrumb":{"@id":"https:\/\/les-routes-buissonnieres.fr\/boutik\/produit\/pompe-essence-vw-t3-1600ct\/#breadcrumb"},"inLanguage":"fr-FR","potentialAction":[{"@type":"ReadAction","target":["https:\/\/les-routes-buissonnieres.fr\/boutik\/produit\/pompe-essence-vw-t3-1600ct\/"]}]},{"@type":"ImageObject","inLanguage":"fr-FR","@id":"https:\/\/les-routes-buissonnieres.fr\/boutik\/produit\/pompe-essence-vw-t3-1600ct\/#primaryimage","url":"https:\/\/les-routes-buissonnieres.fr\/boutik\/wp-content\/uploads\/2019\/11\/pompeessencetype1.jpg","contentUrl":"https:\/\/les-routes-buissonnieres.fr\/boutik\/wp-content\/uploads\/2019\/11\/pompeessencetype1.jpg","width":488,"height":500,"caption":"Pompe essence VW T3"},{"@type":"BreadcrumbList","@id":"https:\/\/les-routes-buissonnieres.fr\/boutik\/produit\/pompe-essence-vw-t3-1600ct\/#breadcrumb","itemListElement":[{"@type":"ListItem","position":1,"name":"Accueil","item":"https:\/\/les-routes-buissonnieres.fr\/boutik\/"},{"@type":"ListItem","position":2,"name":"Boutique","item":"https:\/\/les-routes-buissonnieres.fr\/boutik\/"},{"@type":"ListItem","position":3,"name":"POMPE ESSENCE VW T3 1600CT Q+"}]},{"@type":"WebSite","@id":"https:\/\/les-routes-buissonnieres.fr\/boutik\/#website","url":"https:\/\/les-routes-buissonnieres.fr\/boutik\/","name":"La boutique LRB","description":"Pi\u00e8ces d\u00e9tach\u00e9es Citro\u00ebn - VW refroidies par air","publisher":{"@id":"https:\/\/les-routes-buissonnieres.fr\/boutik\/#organization"},"potentialAction":[{"@type":"SearchAction","target":{"@type":"EntryPoint","urlTemplate":"https:\/\/les-routes-buissonnieres.fr\/boutik\/?s={search_term_string}"},"query-input":{"@type":"PropertyValueSpecification","valueRequired":true,"valueName":"search_term_string"}}],"inLanguage":"fr-FR"},{"@type":"Organization","@id":"https:\/\/les-routes-buissonnieres.fr\/boutik\/#organization","name":"La boutique LRB","url":"https:\/\/les-routes-buissonnieres.fr\/boutik\/","logo":{"@type":"ImageObject","inLanguage":"fr-FR","@id":"https:\/\/les-routes-buissonnieres.fr\/boutik\/#\/schema\/logo\/image\/","url":"https:\/\/les-routes-buissonnieres.fr\/boutik\/wp-content\/uploads\/2023\/11\/cropped-logo-a-et-c-2023-orange.png","contentUrl":"https:\/\/les-routes-buissonnieres.fr\/boutik\/wp-content\/uploads\/2023\/11\/cropped-logo-a-et-c-2023-orange.png","width":300,"height":176,"caption":"La boutique LRB"},"image":{"@id":"https:\/\/les-routes-buissonnieres.fr\/boutik\/#\/schema\/logo\/image\/"}}]}},"_links":{"self":[{"href":"https:\/\/les-routes-buissonnieres.fr\/boutik\/wp-json\/wp\/v2\/product\/55340","targetHints":{"allow":["GET"]}}],"collection":[{"href":"https:\/\/les-routes-buissonnieres.fr\/boutik\/wp-json\/wp\/v2\/product"}],"about":[{"href":"https:\/\/les-routes-buissonnieres.fr\/boutik\/wp-json\/wp\/v2\/types\/product"}],"wp:featuredmedia":[{"embeddable":true,"href":"https:\/\/les-routes-buissonnieres.fr\/boutik\/wp-json\/wp\/v2\/media\/65388"}],"wp:attachment":[{"href":"https:\/\/les-routes-buissonnieres.fr\/boutik\/wp-json\/wp\/v2\/media?parent=55340"}],"wp:term":[{"taxonomy":"product_brand","embeddable":true,"href":"https:\/\/les-routes-buissonnieres.fr\/boutik\/wp-json\/wp\/v2\/product_brand?post=55340"},{"taxonomy":"product_cat","embeddable":true,"href":"https:\/\/les-routes-buissonnieres.fr\/boutik\/wp-json\/wp\/v2\/product_cat?post=55340"},{"taxonomy":"product_tag","embeddable":true,"href":"https:\/\/les-routes-buissonnieres.fr\/boutik\/wp-json\/wp\/v2\/product_tag?post=55340"}],"curies":[{"name":"wp","href":"https:\/\/api.w.org\/{rel}","templated":true}]}}