{"id":65336,"date":"2025-10-28T16:42:37","date_gmt":"2025-10-28T15:42:37","guid":{"rendered":"https:\/\/ailettes-et-carbus.fr\/?post_type=product&#038;p=65336"},"modified":"2025-10-29T12:41:56","modified_gmt":"2025-10-29T11:41:56","slug":"carte-cadeau-location-2cv-citroen","status":"publish","type":"product","link":"https:\/\/les-routes-buissonnieres.fr\/boutik\/produit\/carte-cadeau-location-2cv-citroen\/","title":{"rendered":"CARTE CADEAU LOCATION 2CV CITRO\u00cbN"},"content":{"rendered":"<p>Location 2cv Citro\u00ebn.<\/p>\n<p><H2>Offrez un cadeau original et de futurs souvenirs inoubliables!<\/H2><br \/>\nNotre sympathique 2cv <a href=\"https:\/\/les-routes-buissonnieres.fr\/location-de-2cv-en-bretagne\/\" target=\"_blank\" rel=\"noopener noreferrer\"><strong>Janis<\/strong><\/a> est pr\u00eate \u00e0 vous faire d\u00e9couvrir le Finist\u00e8re et la Bretagne en g\u00e9n\u00e9rale en mode vintage!<\/p>\n<p>Elle peut accueillir jusqu&rsquo;\u00e0 4 adultes (attention, pas de ceintures \u00e0 l&rsquo;arri\u00e8re) et saura vous faire appr\u00e9cier les petites routes de Bretagne pour un roadtrip unique et original!<\/p>\n<p><strong>Vous trouverez la fiche technique d\u00e9taill\u00e9e de Janis sur notre site <a href=\"https:\/\/les-routes-buissonnieres.fr\/nos-vehicules-en-location\/\">notre site.<\/a><\/strong><\/p>\n<p><H3>Un cadeau d\u00e9paysant et insolite!<\/h3>\n<p>Offrir une carte cadeau \u00ab\u00a0location 2cv Citro\u00ebn\u00a0\u00bb, c&rsquo;est offrir un cadeau original et d\u00e9paysant! Janis est une v\u00e9ritable machine \u00e0 voyager dans le temps. Vous pourrez appr\u00e9cier les paysages et les petites routes pittoresques de Bretagne \u00e0 son rythme.<br \/>\nVous pourrez \u00e9galement vous apercevoir du capital sympathie de la 2cv au gr\u00e8s de vos balades. On se retourne \u00e0 votre passage, on vous fait \u00ab\u00a0coucou\u00a0\u00bb, c&rsquo;est sur : vous ne passerez pas inaper\u00e7us et vous donnerez le sourire aux passants!<\/p>\n<p>Notre r\u00e9gion regorge de petites routes, terrain de pr\u00e9dilection de Janis. \u00c9loignez-vous des grands axes, sillonnez \u00ab\u00a0Les Routes Buissonni\u00e8res\u00a0\u00bb et profitez d&rsquo;un roadtrip unique \u00e0 l\u00e9 d\u00e9couverte des richesses du Finist\u00e8re et de la Bretagne en g\u00e9n\u00e9ral. <\/p>\n<p><H4>Choisissez vos options!<\/H4><br \/>\nVous pouvez choisir la dur\u00e9e et la p\u00e9riode. La carte cadeau est valable 1 an \u00e0 partir de sa date d&rsquo;\u00e9mission (renouvelable une fois).<\/p>\n<p>Si vous souhaitez un s\u00e9jour \u00e0 des dates pr\u00e9cises, pensez \u00e0 nous contacter avant de commander. Nous vous indiquerons les disponibilit\u00e9s de Janis.<\/p>\n<p>Les cartes sont imprim\u00e9es sur papier glac\u00e9, et vous sont envoy\u00e9es <strong>sans frais de port<\/strong>!<\/p>\n<p>Lors de votre commande, indiquez-nous le nom de la personne \u00e0 qui vous offrez cette carte.<\/p>\n<p>Un cadeau \u00e0 offrir \u00e0 tous les fans de Citro\u00ebn 2cv et de v\u00e9hicules anciens en g\u00e9n\u00e9ral!<\/p>\n<h5>Des questions?<\/H5><br \/>\nEt si vous avez des questions, <a href=\"https:\/\/les-routes-buissonnieres.fr\/boutik\/contact\/\">contactez-nous<\/a> !<\/p>\n<ul>\n<li>2 conducteurs inclus dans chaque forfait<\/li>\n<li>3 ans de permis minimum<\/li>\n<li>caution de 2000\u20ac<\/li>\n<\/ul>\n","protected":false},"excerpt":{"rendered":"<p>Carte cadeau location 2cv Citro\u00ebn. Pour un week-end ou une semaine inoubliable! Un cadeau original.<\/p>\n","protected":false},"featured_media":49249,"template":"","meta":[],"product_brand":[],"product_cat":[2336],"product_tag":[216,2332,2334,497,2333,2330,2335,2331,1000],"class_list":{"0":"post-65336","1":"product","2":"type-product","3":"status-publish","4":"has-post-thumbnail","6":"product_cat-location-combi-vw-2cv-citroen","7":"product_tag-2cv","8":"product_tag-balade-en-2cv","9":"product_tag-bretagne-en-2cv","10":"product_tag-citroen-2cv","11":"product_tag-finistere-en-2cv","12":"product_tag-location-2cv-citroen","13":"product_tag-roadtrip-2cv","14":"product_tag-vacances-en-2cv","15":"product_tag-vacances-insolites","17":"first","18":"instock","19":"taxable","20":"shipping-taxable","21":"purchasable","22":"product-type-variable"},"yoast_head":"<!-- This site is optimized with the Yoast SEO plugin v27.4 - https:\/\/yoast.com\/product\/yoast-seo-wordpress\/ -->\n<title>Location 2cv citro\u00ebn - Nos cartes cadeaux - La boutique LRB<\/title>\n<meta name=\"description\" content=\"Location 2cv Citro\u00ebn. Offrez des souvenirs inoubliables \u00e0 la d\u00e9couverte de la Bretagne \u00e0 bord de notre mythique 2cv Janis!\" \/>\n<meta name=\"robots\" content=\"index, follow, max-snippet:-1, max-image-preview:large, max-video-preview:-1\" \/>\n<link rel=\"canonical\" href=\"https:\/\/les-routes-buissonnieres.fr\/boutik\/produit\/carte-cadeau-location-2cv-citroen\/\" \/>\n<meta property=\"og:locale\" content=\"fr_FR\" \/>\n<meta property=\"og:type\" content=\"article\" \/>\n<meta property=\"og:title\" content=\"Location 2cv citro\u00ebn - Nos cartes cadeaux - La boutique LRB\" \/>\n<meta property=\"og:description\" content=\"Location 2cv Citro\u00ebn. Offrez des souvenirs inoubliables \u00e0 la d\u00e9couverte de la Bretagne \u00e0 bord de notre mythique 2cv Janis!\" \/>\n<meta property=\"og:url\" content=\"https:\/\/les-routes-buissonnieres.fr\/boutik\/produit\/carte-cadeau-location-2cv-citroen\/\" \/>\n<meta property=\"og:site_name\" content=\"La boutique LRB\" \/>\n<meta property=\"article:modified_time\" content=\"2025-10-29T11:41:56+00:00\" \/>\n<meta property=\"og:image\" content=\"https:\/\/les-routes-buissonnieres.fr\/boutik\/wp-content\/uploads\/2018\/12\/Carte-cadeau-LRB.jpg\" \/>\n\t<meta property=\"og:image:width\" content=\"800\" \/>\n\t<meta property=\"og:image:height\" content=\"800\" \/>\n\t<meta property=\"og:image:type\" content=\"image\/jpeg\" \/>\n<meta name=\"twitter:card\" content=\"summary_large_image\" \/>\n<meta name=\"twitter:label1\" content=\"Dur\u00e9e de lecture estim\u00e9e\" \/>\n\t<meta name=\"twitter:data1\" content=\"2 minutes\" \/>\n<script type=\"application\/ld+json\" class=\"yoast-schema-graph\">{\"@context\":\"https:\\\/\\\/schema.org\",\"@graph\":[{\"@type\":\"WebPage\",\"@id\":\"https:\\\/\\\/les-routes-buissonnieres.fr\\\/boutik\\\/produit\\\/carte-cadeau-location-2cv-citroen\\\/\",\"url\":\"https:\\\/\\\/les-routes-buissonnieres.fr\\\/boutik\\\/produit\\\/carte-cadeau-location-2cv-citroen\\\/\",\"name\":\"Location 2cv citro\u00ebn - Nos cartes cadeaux - La boutique LRB\",\"isPartOf\":{\"@id\":\"https:\\\/\\\/les-routes-buissonnieres.fr\\\/boutik\\\/#website\"},\"primaryImageOfPage\":{\"@id\":\"https:\\\/\\\/les-routes-buissonnieres.fr\\\/boutik\\\/produit\\\/carte-cadeau-location-2cv-citroen\\\/#primaryimage\"},\"image\":{\"@id\":\"https:\\\/\\\/les-routes-buissonnieres.fr\\\/boutik\\\/produit\\\/carte-cadeau-location-2cv-citroen\\\/#primaryimage\"},\"thumbnailUrl\":\"https:\\\/\\\/les-routes-buissonnieres.fr\\\/boutik\\\/wp-content\\\/uploads\\\/2018\\\/12\\\/Carte-cadeau-LRB.jpg\",\"datePublished\":\"2025-10-28T15:42:37+00:00\",\"dateModified\":\"2025-10-29T11:41:56+00:00\",\"description\":\"Location 2cv Citro\u00ebn. Offrez des souvenirs inoubliables \u00e0 la d\u00e9couverte de la Bretagne \u00e0 bord de notre mythique 2cv Janis!\",\"breadcrumb\":{\"@id\":\"https:\\\/\\\/les-routes-buissonnieres.fr\\\/boutik\\\/produit\\\/carte-cadeau-location-2cv-citroen\\\/#breadcrumb\"},\"inLanguage\":\"fr-FR\",\"potentialAction\":[{\"@type\":\"ReadAction\",\"target\":[\"https:\\\/\\\/les-routes-buissonnieres.fr\\\/boutik\\\/produit\\\/carte-cadeau-location-2cv-citroen\\\/\"]}]},{\"@type\":\"ImageObject\",\"inLanguage\":\"fr-FR\",\"@id\":\"https:\\\/\\\/les-routes-buissonnieres.fr\\\/boutik\\\/produit\\\/carte-cadeau-location-2cv-citroen\\\/#primaryimage\",\"url\":\"https:\\\/\\\/les-routes-buissonnieres.fr\\\/boutik\\\/wp-content\\\/uploads\\\/2018\\\/12\\\/Carte-cadeau-LRB.jpg\",\"contentUrl\":\"https:\\\/\\\/les-routes-buissonnieres.fr\\\/boutik\\\/wp-content\\\/uploads\\\/2018\\\/12\\\/Carte-cadeau-LRB.jpg\",\"width\":800,\"height\":800,\"caption\":\"location Combi VW\"},{\"@type\":\"BreadcrumbList\",\"@id\":\"https:\\\/\\\/les-routes-buissonnieres.fr\\\/boutik\\\/produit\\\/carte-cadeau-location-2cv-citroen\\\/#breadcrumb\",\"itemListElement\":[{\"@type\":\"ListItem\",\"position\":1,\"name\":\"Accueil\",\"item\":\"https:\\\/\\\/les-routes-buissonnieres.fr\\\/boutik\\\/\"},{\"@type\":\"ListItem\",\"position\":2,\"name\":\"Boutique\",\"item\":\"https:\\\/\\\/les-routes-buissonnieres.fr\\\/boutik\\\/\"},{\"@type\":\"ListItem\",\"position\":3,\"name\":\"CARTE CADEAU LOCATION 2CV CITRO\u00cbN\"}]},{\"@type\":\"WebSite\",\"@id\":\"https:\\\/\\\/les-routes-buissonnieres.fr\\\/boutik\\\/#website\",\"url\":\"https:\\\/\\\/les-routes-buissonnieres.fr\\\/boutik\\\/\",\"name\":\"La boutique LRB\",\"description\":\"Pi\u00e8ces d\u00e9tach\u00e9es Citro\u00ebn - VW refroidies par air\",\"publisher\":{\"@id\":\"https:\\\/\\\/les-routes-buissonnieres.fr\\\/boutik\\\/#organization\"},\"potentialAction\":[{\"@type\":\"SearchAction\",\"target\":{\"@type\":\"EntryPoint\",\"urlTemplate\":\"https:\\\/\\\/les-routes-buissonnieres.fr\\\/boutik\\\/?s={search_term_string}\"},\"query-input\":{\"@type\":\"PropertyValueSpecification\",\"valueRequired\":true,\"valueName\":\"search_term_string\"}}],\"inLanguage\":\"fr-FR\"},{\"@type\":\"Organization\",\"@id\":\"https:\\\/\\\/les-routes-buissonnieres.fr\\\/boutik\\\/#organization\",\"name\":\"La boutique LRB\",\"url\":\"https:\\\/\\\/les-routes-buissonnieres.fr\\\/boutik\\\/\",\"logo\":{\"@type\":\"ImageObject\",\"inLanguage\":\"fr-FR\",\"@id\":\"https:\\\/\\\/les-routes-buissonnieres.fr\\\/boutik\\\/#\\\/schema\\\/logo\\\/image\\\/\",\"url\":\"https:\\\/\\\/les-routes-buissonnieres.fr\\\/boutik\\\/wp-content\\\/uploads\\\/2023\\\/11\\\/cropped-logo-a-et-c-2023-orange.png\",\"contentUrl\":\"https:\\\/\\\/les-routes-buissonnieres.fr\\\/boutik\\\/wp-content\\\/uploads\\\/2023\\\/11\\\/cropped-logo-a-et-c-2023-orange.png\",\"width\":300,\"height\":176,\"caption\":\"La boutique LRB\"},\"image\":{\"@id\":\"https:\\\/\\\/les-routes-buissonnieres.fr\\\/boutik\\\/#\\\/schema\\\/logo\\\/image\\\/\"}}]}<\/script>\n<!-- \/ Yoast SEO plugin. -->","yoast_head_json":{"title":"Location 2cv citro\u00ebn - Nos cartes cadeaux - La boutique LRB","description":"Location 2cv Citro\u00ebn. Offrez des souvenirs inoubliables \u00e0 la d\u00e9couverte de la Bretagne \u00e0 bord de notre mythique 2cv Janis!","robots":{"index":"index","follow":"follow","max-snippet":"max-snippet:-1","max-image-preview":"max-image-preview:large","max-video-preview":"max-video-preview:-1"},"canonical":"https:\/\/les-routes-buissonnieres.fr\/boutik\/produit\/carte-cadeau-location-2cv-citroen\/","og_locale":"fr_FR","og_type":"article","og_title":"Location 2cv citro\u00ebn - Nos cartes cadeaux - La boutique LRB","og_description":"Location 2cv Citro\u00ebn. Offrez des souvenirs inoubliables \u00e0 la d\u00e9couverte de la Bretagne \u00e0 bord de notre mythique 2cv Janis!","og_url":"https:\/\/les-routes-buissonnieres.fr\/boutik\/produit\/carte-cadeau-location-2cv-citroen\/","og_site_name":"La boutique LRB","article_modified_time":"2025-10-29T11:41:56+00:00","og_image":[{"width":800,"height":800,"url":"https:\/\/les-routes-buissonnieres.fr\/boutik\/wp-content\/uploads\/2018\/12\/Carte-cadeau-LRB.jpg","type":"image\/jpeg"}],"twitter_card":"summary_large_image","twitter_misc":{"Dur\u00e9e de lecture estim\u00e9e":"2 minutes"},"schema":{"@context":"https:\/\/schema.org","@graph":[{"@type":"WebPage","@id":"https:\/\/les-routes-buissonnieres.fr\/boutik\/produit\/carte-cadeau-location-2cv-citroen\/","url":"https:\/\/les-routes-buissonnieres.fr\/boutik\/produit\/carte-cadeau-location-2cv-citroen\/","name":"Location 2cv citro\u00ebn - Nos cartes cadeaux - La boutique LRB","isPartOf":{"@id":"https:\/\/les-routes-buissonnieres.fr\/boutik\/#website"},"primaryImageOfPage":{"@id":"https:\/\/les-routes-buissonnieres.fr\/boutik\/produit\/carte-cadeau-location-2cv-citroen\/#primaryimage"},"image":{"@id":"https:\/\/les-routes-buissonnieres.fr\/boutik\/produit\/carte-cadeau-location-2cv-citroen\/#primaryimage"},"thumbnailUrl":"https:\/\/les-routes-buissonnieres.fr\/boutik\/wp-content\/uploads\/2018\/12\/Carte-cadeau-LRB.jpg","datePublished":"2025-10-28T15:42:37+00:00","dateModified":"2025-10-29T11:41:56+00:00","description":"Location 2cv Citro\u00ebn. Offrez des souvenirs inoubliables \u00e0 la d\u00e9couverte de la Bretagne \u00e0 bord de notre mythique 2cv Janis!","breadcrumb":{"@id":"https:\/\/les-routes-buissonnieres.fr\/boutik\/produit\/carte-cadeau-location-2cv-citroen\/#breadcrumb"},"inLanguage":"fr-FR","potentialAction":[{"@type":"ReadAction","target":["https:\/\/les-routes-buissonnieres.fr\/boutik\/produit\/carte-cadeau-location-2cv-citroen\/"]}]},{"@type":"ImageObject","inLanguage":"fr-FR","@id":"https:\/\/les-routes-buissonnieres.fr\/boutik\/produit\/carte-cadeau-location-2cv-citroen\/#primaryimage","url":"https:\/\/les-routes-buissonnieres.fr\/boutik\/wp-content\/uploads\/2018\/12\/Carte-cadeau-LRB.jpg","contentUrl":"https:\/\/les-routes-buissonnieres.fr\/boutik\/wp-content\/uploads\/2018\/12\/Carte-cadeau-LRB.jpg","width":800,"height":800,"caption":"location Combi VW"},{"@type":"BreadcrumbList","@id":"https:\/\/les-routes-buissonnieres.fr\/boutik\/produit\/carte-cadeau-location-2cv-citroen\/#breadcrumb","itemListElement":[{"@type":"ListItem","position":1,"name":"Accueil","item":"https:\/\/les-routes-buissonnieres.fr\/boutik\/"},{"@type":"ListItem","position":2,"name":"Boutique","item":"https:\/\/les-routes-buissonnieres.fr\/boutik\/"},{"@type":"ListItem","position":3,"name":"CARTE CADEAU LOCATION 2CV CITRO\u00cbN"}]},{"@type":"WebSite","@id":"https:\/\/les-routes-buissonnieres.fr\/boutik\/#website","url":"https:\/\/les-routes-buissonnieres.fr\/boutik\/","name":"La boutique LRB","description":"Pi\u00e8ces d\u00e9tach\u00e9es Citro\u00ebn - VW refroidies par air","publisher":{"@id":"https:\/\/les-routes-buissonnieres.fr\/boutik\/#organization"},"potentialAction":[{"@type":"SearchAction","target":{"@type":"EntryPoint","urlTemplate":"https:\/\/les-routes-buissonnieres.fr\/boutik\/?s={search_term_string}"},"query-input":{"@type":"PropertyValueSpecification","valueRequired":true,"valueName":"search_term_string"}}],"inLanguage":"fr-FR"},{"@type":"Organization","@id":"https:\/\/les-routes-buissonnieres.fr\/boutik\/#organization","name":"La boutique LRB","url":"https:\/\/les-routes-buissonnieres.fr\/boutik\/","logo":{"@type":"ImageObject","inLanguage":"fr-FR","@id":"https:\/\/les-routes-buissonnieres.fr\/boutik\/#\/schema\/logo\/image\/","url":"https:\/\/les-routes-buissonnieres.fr\/boutik\/wp-content\/uploads\/2023\/11\/cropped-logo-a-et-c-2023-orange.png","contentUrl":"https:\/\/les-routes-buissonnieres.fr\/boutik\/wp-content\/uploads\/2023\/11\/cropped-logo-a-et-c-2023-orange.png","width":300,"height":176,"caption":"La boutique LRB"},"image":{"@id":"https:\/\/les-routes-buissonnieres.fr\/boutik\/#\/schema\/logo\/image\/"}}]}},"_links":{"self":[{"href":"https:\/\/les-routes-buissonnieres.fr\/boutik\/wp-json\/wp\/v2\/product\/65336","targetHints":{"allow":["GET"]}}],"collection":[{"href":"https:\/\/les-routes-buissonnieres.fr\/boutik\/wp-json\/wp\/v2\/product"}],"about":[{"href":"https:\/\/les-routes-buissonnieres.fr\/boutik\/wp-json\/wp\/v2\/types\/product"}],"wp:featuredmedia":[{"embeddable":true,"href":"https:\/\/les-routes-buissonnieres.fr\/boutik\/wp-json\/wp\/v2\/media\/49249"}],"wp:attachment":[{"href":"https:\/\/les-routes-buissonnieres.fr\/boutik\/wp-json\/wp\/v2\/media?parent=65336"}],"wp:term":[{"taxonomy":"product_brand","embeddable":true,"href":"https:\/\/les-routes-buissonnieres.fr\/boutik\/wp-json\/wp\/v2\/product_brand?post=65336"},{"taxonomy":"product_cat","embeddable":true,"href":"https:\/\/les-routes-buissonnieres.fr\/boutik\/wp-json\/wp\/v2\/product_cat?post=65336"},{"taxonomy":"product_tag","embeddable":true,"href":"https:\/\/les-routes-buissonnieres.fr\/boutik\/wp-json\/wp\/v2\/product_tag?post=65336"}],"curies":[{"name":"wp","href":"https:\/\/api.w.org\/{rel}","templated":true}]}}